{"id":1108,"date":"2017-11-15T01:04:07","date_gmt":"2017-11-15T00:04:07","guid":{"rendered":"https:\/\/resurs.edlead.edu.rs\/?page_id=1108"},"modified":"2017-11-16T11:32:34","modified_gmt":"2017-11-16T10:32:34","slug":"upravljanje-sistemom-obezbedenja-kvaliteta-ustanove","status":"publish","type":"page","link":"http:\/\/edlead.pefja.kg.ac.rs\/resurs\/upravljanje-sistemom-obezbedenja-kvaliteta-ustanove\/","title":{"rendered":"Upravljanje sistemom obezbe\u0111enja kvaliteta ustanove"},"content":{"rendered":"<p>&nbsp;<\/p>\n<p>Opis standarda: Direktor razvija i realizuje sistem osiguranja kvaliteta rada ustanove.<\/p>\n<p>&nbsp;<\/p>\n\t\t\t\t\t\t<style>\r\n\t\t\t\t\r\n\t\t\t\t\t#tab_container_1299 {\r\n\toverflow:hidden;\r\n\tdisplay:block;\r\n\twidth:100%;\r\n\tborder:0px solid #ddd;\r\n\tmargin-bottom:30px;\r\n\t}\r\n\r\n#tab_container_1299 .tab-content{\r\n\tpadding:20px;\r\n\tborder: 1px solid #e6e6e6 !important;\r\n\tmargin-top: 0px;\r\n\tbackground-color:#ffffff !important;\r\n\tcolor: #000000 !important;\r\n\tfont-size:16px !important;\r\n\tfont-family: Open Sans !important;\r\n\t\r\n\t\t\tborder: 0px solid #e6e6e6 !important;\r\n\t\t\r\n\t}\r\n#tab_container_1299 .wpsm_nav-tabs {\r\n    border-bottom: 0px solid #ddd;\r\n}\r\n#tab_container_1299 .wpsm_nav-tabs > li.active > a, #tab_container_1299 .wpsm_nav-tabs > li.active > a:hover, #tab_container_1299 .wpsm_nav-tabs > li.active > a:focus {\r\n\tcolor: #000000 !important;\r\n\tcursor: default;\r\n\tbackground-color: #ffffff !important;\r\n\tborder: 1px solid #e6e6e6 !important;\r\n}\r\n\r\n#tab_container_1299 .wpsm_nav-tabs > li > a {\r\n    margin-right: 0px !important; \r\n    line-height: 1.42857143 !important;\r\n    border: 1px solid #d5d5d5 !important;\r\n    border-radius: 0px 0px 0 0 !important; \r\n\tbackground-color: #e8e8e8 !important;\r\n\tcolor: #000000 !important;\r\n\tpadding: 15px 18px 15px 18px !important;\r\n\ttext-decoration: none !important;\r\n\tfont-size: 14px !important;\r\n\ttext-align:center !important;\r\n\tfont-family: Open Sans !important;\r\n}\r\n#tab_container_1299 .wpsm_nav-tabs > li > a:focus {\r\noutline: 0px !important;\r\n}\r\n\r\n#tab_container_1299 .wpsm_nav-tabs > li > a:before {\r\n\tdisplay:none !important;\r\n}\r\n#tab_container_1299 .wpsm_nav-tabs > li > a:after {\r\n\tdisplay:none !important ;\r\n}\r\n#tab_container_1299 .wpsm_nav-tabs > li{\r\npadding:0px !important ;\r\nmargin:0px;\r\n}\r\n\r\n#tab_container_1299 .wpsm_nav-tabs > li > a:hover , #tab_container_1299 .wpsm_nav-tabs > li > a:focus {\r\n    color: #000000 !important;\r\n    background-color: #e8e8e8 !important;\r\n\tborder: 1px solid #d5d5d5 !important;\r\n\t\r\n}\r\n#tab_container_1299 .wpsm_nav-tabs > li > a .fa{\r\n\r\nmargin-right:5px !important;\r\n\r\nmargin-left:5px !important;\r\n\r\n\r\n}\r\n\r\n\t\t#tab_container_1299 .wpsm_nav-tabs a{\r\n\t\t\tbackground-image: none;\r\n\t\t\tbackground-position: 0 0;\r\n\t\t\tbackground-repeat: repeat-x;\r\n\t\t}\r\n\t\t\t\r\n\r\n\r\n#tab_container_1299 .wpsm_nav-tabs > li {\r\n    float: left;\r\n    margin-bottom: -1px !important;\r\n\tmargin-right:0px !important; \r\n}\r\n\r\n\r\n#tab_container_1299 .tab-content{\r\noverflow:hidden !important;\r\n}\r\n\r\n\r\n@media (min-width: 769px) {\r\n\r\n\t#tab_container_1299 .wpsm_nav-tabs > li{\r\n\t\tfloat:left !important ;\r\n\t\t\t\tmargin-right:-1px !important;\r\n\t\t\t\t\t}\r\n\t#tab_container_1299 .wpsm_nav-tabs{\r\n\t\tfloat:none !important;\r\n\t\tmargin:0px !important;\r\n\t}\r\n\r\n\t#tab_container_1299 .wpsm_nav-tabs > li {\r\n\t\t\t\t\r\n\t}\r\n\t#tab_container_1299 .wpsm_nav{\r\n\t\t\t}\r\n\r\n}\r\n\r\n\r\n\r\n@media (max-width: 768px) {\r\n\t#tab_container_1299 .wpsm_nav-tabs > li {\r\n\t\t\t\t\r\n\t}\r\n\t#tab_container_1299 .wpsm_nav{\r\n\t\t\t}\r\n}\r\n\r\n\r\n\t.wpsm_nav-tabs li:before{\r\n\t\tdisplay:none !important;\r\n\t}\r\n\r\n\t@media (max-width: 768px) {\r\n\t\t\t\t\r\n\t\t\t\t.wpsm_nav-tabs{\r\n\t\t\tmargin-left:0px !important;\r\n\t\t\tmargin-right:0px !important; \r\n\t\t\t\r\n\t\t}\r\n\t\t\t\t#tab_container_1299 .wpsm_nav-tabs > li{\r\n\t\t\tfloat:none !important;\r\n\t\t}\r\n\t\t\t\r\n\t}\t\t\t\t<\/style>\r\n\t\t\t\t<div id=\"tab_container_1299\" >\r\n\t \r\n\t\t\t\t\t<ul class=\"wpsm_nav wpsm_nav-tabs\" role=\"tablist\" id=\"myTab_1299\">\r\n\t\t\t\t\t\t\t\r\n\t\t\t\t\t\t\t<li role=\"presentation\"  class=\"active\"  onclick=\"do_resize()\">\r\n\t\t\t\t\t\t\t\t<a href=\"#tabs_desc_1299_1\" aria-controls=\"tabs_desc_1299_1\" role=\"tab\" data-toggle=\"tab\">\r\n\t\t\t\t\t\t\t\t\t\r\n\t\t\t\t\t\t\t\t\t\t\t\t\t\t\t\t\t\t\t\t\t\t\t\t\t\t\t\t\r\n\t\t\t\t\t\t\t\t\t\t\t\t\t\t\t\t\t\t\r\n\t\t\t\t\t\t\t\t\t<span>Srpski jezik<\/span>\r\n\t\t\t\t\t\t\t\t\t\r\n\t\t\t\t\t\t\t\t\t\t\t\t\t\t\t\t\t\t\r\n\t\t\t\t\t\t\t\t\t\t\t\t\t\t\t\t\t\t\t\t\r\n\t\t\t\t\t\t\t\t\t\r\n\t\t\t\t\t\t\t\t<\/a>\r\n\t\t\t\t\t\t\t<\/li>\r\n\t\t\t\t\t\t\t\r\n\t\t\t\t\t\t\t<li role=\"presentation\"  onclick=\"do_resize()\">\r\n\t\t\t\t\t\t\t\t<a href=\"#tabs_desc_1299_2\" aria-controls=\"tabs_desc_1299_2\" role=\"tab\" data-toggle=\"tab\">\r\n\t\t\t\t\t\t\t\t\t\r\n\t\t\t\t\t\t\t\t\t\t\t\t\t\t\t\t\t\t\t\t\t\t\t\t\t\t\t\t\r\n\t\t\t\t\t\t\t\t\t\t\t\t\t\t\t\t\t\t\r\n\t\t\t\t\t\t\t\t\t<span>Engleski jezik<\/span>\r\n\t\t\t\t\t\t\t\t\t\r\n\t\t\t\t\t\t\t\t\t\t\t\t\t\t\t\t\t\t\r\n\t\t\t\t\t\t\t\t\t\t\t\t\t\t\t\t\t\t\t\t\r\n\t\t\t\t\t\t\t\t\t\r\n\t\t\t\t\t\t\t\t<\/a>\r\n\t\t\t\t\t\t\t<\/li>\r\n\t\t\t\t\t\t\t\t\t\t\t <\/ul>\r\n\r\n\t\t\t\t\t  <!-- Tab panes -->\r\n\t\t\t\t\t  <div class=\"tab-content\" id=\"tab-content_1299\">\r\n\t\t\t\t\t\t\t\t\t\t\t\t <div role=\"tabpanel\" class=\"tab-pane  in active \" id=\"tabs_desc_1299_1\">\r\n\t\t\t\t\t\t\t\t<table width=\"100%\">\r\n<tbody>\r\n<tr>\r\n<td width=\"30%\">\r\n<p style=\"text-align: center;\"><strong>Naziv<\/strong><\/p>\r\n<\/td>\r\n<td style=\"text-align: center;\" width=\"48%\"><strong>Autor<\/strong><\/td>\r\n<td width=\"21%\">\r\n<p style=\"text-align: center;\"><strong>Godina<\/strong><\/p>\r\n<\/td>\r\n<\/tr>\r\n<tr>\r\n<td width=\"30%\"><a href=\"https:\/\/ceo.edu.rs\/%D1%81%D1%82%D0%B0%D0%BD%D0%B4%D0%B0%D1%80%D0%B4%D0%B8-%D1%83-%D0%BE%D0%B1%D1%80%D0%B0%D0%B7%D0%BE%D0%B2%D0%B0%D1%9A%D1%83\/\">Op\u0161ti standardi postignu\u0107a u delu op\u0161teobrazovnih predmeta za kraj srednjeg obrazovanja - Priru\u010dnici za nastavnike<\/a><\/td>\r\n<td width=\"48%\">Zavod za vrednovanje kvaliteta obrazovanja i vaspitanja<\/td>\r\n<td width=\"21%\">2015<\/td>\r\n<\/tr>\r\n<tr>\r\n<td width=\"30%\"><a href=\"https:\/\/ceo.edu.rs\/%D1%81%D1%82%D0%B0%D0%BD%D0%B4%D0%B0%D1%80%D0%B4%D0%B8-%D1%83-%D0%BE%D0%B1%D1%80%D0%B0%D0%B7%D0%BE%D0%B2%D0%B0%D1%9A%D1%83\/\">Op\u0161ti standardi postignu\u0107a u delu op\u0161teobrazovnih predmeta za kraj srednjeg obrazovanja<\/a><\/td>\r\n<td width=\"48%\">Zavod za vrednovanje kvaliteta obrazovanja i vaspitanja<\/td>\r\n<td width=\"21%\">2013<\/td>\r\n<\/tr>\r\n<tr>\r\n<td width=\"30%\"><a href=\"https:\/\/ceo.edu.rs\/%D1%81%D1%82%D0%B0%D0%BD%D0%B4%D0%B0%D1%80%D0%B4%D0%B8-%D1%83-%D0%BE%D0%B1%D1%80%D0%B0%D0%B7%D0%BE%D0%B2%D0%B0%D1%9A%D1%83\/\">Op\u0161ti standardi postignu\u0107a za osnovno obrazovanje odraslih<\/a><\/td>\r\n<td width=\"48%\">Zavod za vrednovanje kvaliteta obrazovanja i vaspit<\/td>\r\n<td width=\"21%\">2013<\/td>\r\n<\/tr>\r\n<tr>\r\n<td width=\"30%\"><a href=\"https:\/\/ceo.edu.rs\/wp-content\/uploads\/publikacije\/Standardi%20predskolske%20ustanove.pdf\">Standardi kvaliteta rada pred\u0161kolskih ustanova<\/a><\/td>\r\n<td width=\"48%\">Zavod za vrednovanje kvaliteta obrazovanja i vaspitanja<\/td>\r\n<td width=\"21%\">2012<\/td>\r\n<\/tr>\r\n<tr>\r\n<td width=\"30%\"><a href=\"http:\/\/ceo.edu.rs\/images\/stories\/OkvirSamovrednovanje\/Vodic%20za%20samovrednovanje%20za%20ustanove%20u%20strucnom%20obrazovanju.pdf\">Vodi\u010d za samovrednovanje za ustanove u stru\u010dnom obrazovanju<\/a><\/td>\r\n<td width=\"48%\">Projekat: Modernizacija sistema srednjeg stru\u010dnog obrazovanja u Srbiji<\/td>\r\n<td width=\"21%\">2012<\/td>\r\n<\/tr>\r\n<tr>\r\n<td width=\"30%\"><a href=\"http:\/\/vrednovanje.ceo.edu.rs\/okvir-za-samovrednovanje-za-ustanove-u-strucnom-obrazovanju\">Okvir za samovrednovanje za ustanove u stru\u010dnom obrazovanju<\/a><\/td>\r\n<td width=\"48%\">Zavod za vrednovanje kvaliteta obrazovanja i vaspitanja<\/td>\r\n<td width=\"21%\">2012<\/td>\r\n<\/tr>\r\n<tr>\r\n<td width=\"30%\"><a href=\"https:\/\/ceo.edu.rs\/%D1%81%D1%82%D0%B0%D0%BD%D0%B4%D0%B0%D1%80%D0%B4%D0%B8-%D1%83-%D0%BE%D0%B1%D1%80%D0%B0%D0%B7%D0%BE%D0%B2%D0%B0%D1%9A%D1%83\/\">Standardi postignu\u0107a \u2013 obrazovni standardi za kraj prvog ciklusa obaveznog obrazovanja i vaspitanja<\/a><\/td>\r\n<td width=\"48%\">Zavod za vrednovanje kvaliteta obrazovanja i vaspitanja<\/td>\r\n<td width=\"21%\">2011<\/td>\r\n<\/tr>\r\n<tr>\r\n<td width=\"30%\"><a href=\"https:\/\/ceo.edu.rs\/wp-content\/uploads\/publikacije\/Okvir%20kvaliteta.pdf\">Standardi kvaliteta rada obrazovno-vaspitnih ustanova<\/a><\/td>\r\n<td width=\"48%\">Zavod za vrednovanje kvaliteta obrazovanja i vaspitanja<\/td>\r\n<td width=\"21%\">2010<\/td>\r\n<\/tr>\r\n<tr>\r\n<td width=\"30%\"><a href=\"https:\/\/ceo.edu.rs\/%D1%81%D1%82%D0%B0%D0%BD%D0%B4%D0%B0%D1%80%D0%B4%D0%B8-%D1%83-%D0%BE%D0%B1%D1%80%D0%B0%D0%B7%D0%BE%D0%B2%D0%B0%D1%9A%D1%83\/\">Obrazovni standardi za kraj obaveznog obrazovanja<\/a><\/td>\r\n<td width=\"48%\">Zavod za vrednovanje kvaliteta obrazovanja i vaspitanja<\/td>\r\n<td width=\"21%\">2010<\/td>\r\n<\/tr>\r\n<tr>\r\n<td width=\"30%\"><a href=\"http:\/\/vrednovanje.ceo.edu.rs\/sites\/default\/files\/radni_materijal\/ProsvetniKarton-Osnovna.xls\">Prosvetni karton - osnovna \u0161kola<\/a><\/td>\r\n<td width=\"48%\">Zavod za vrednovanje kvaliteta obrazovanja o vaspitanja<\/td>\r\n<td width=\"21%\">2008<\/td>\r\n<\/tr>\r\n<tr>\r\n<td width=\"30%\"><a href=\"http:\/\/vrednovanje.ceo.edu.rs\/sites\/default\/files\/radni_materijal\/ProsvetniKarton-Osnovna.xls\">Prosvetni karton - gimnazija<\/a><\/td>\r\n<td width=\"48%\">Zavod za vrednovanje kvaliteta obrazovanja o vaspitanja<\/td>\r\n<td width=\"21%\">2008<\/td>\r\n<\/tr>\r\n<tr>\r\n<td width=\"30%\"><a href=\"http:\/\/vrednovanje.ceo.edu.rs\/sites\/default\/files\/radni_materijal\/ProsvetniKarton_Srednja_Strucna.xls\">Prosvetni kartom - srednja strulna \u0161kola<\/a><\/td>\r\n<td width=\"48%\">Zavod za vrednovanje kvaliteta obrazovanja o vaspitanja<\/td>\r\n<td width=\"21%\">2008<\/td>\r\n<\/tr>\r\n<tr>\r\n<td width=\"30%\"><a href=\"http:\/\/vrednovanje.ceo.edu.rs\/video\">Rezultati zavr\u0161nog ispita i njihova upotreba - Film<\/a><\/td>\r\n<td width=\"48%\">Zavod za vrednovanje kvaliteta obrazovanja i vaspitanja<\/td>\r\n<td width=\"21%\">Nedatirano<\/td>\r\n<\/tr>\r\n<\/tbody>\r\n<\/table>\t\t\t\t\t\t <\/div>\r\n\t\t\t\t\t\t\t\t\t\t\t\t <div role=\"tabpanel\" class=\"tab-pane \" id=\"tabs_desc_1299_2\">\r\n\t\t\t\t\t\t\t\t<table width=\"100%\">\r\n<tbody>\r\n<tr>\r\n<td width=\"30%\">\r\n<p style=\"text-align: center;\"><strong>Naziv<\/strong><\/p>\r\n<\/td>\r\n<td style=\"text-align: center;\" width=\"48%\"><strong>Autor<\/strong><\/td>\r\n<td width=\"21%\">\r\n<p style=\"text-align: center;\"><strong>Godina<\/strong><\/p>\r\n<\/td>\r\n<\/tr>\r\n<tr>\r\n<td width=\"30%\"><a href=\"https:\/\/ec.europa.eu\/education\/sites\/education\/files\/2017-school-development-quality-assurance_en.pdf\">Quality assurance for school development<\/a><\/td>\r\n<td width=\"48%\">EUROPEAN COMMISSION,\r\n\r\nDirectorate B2 \u2013 Schools and multilingualism<\/td>\r\n<td width=\"21%\">2017<\/td>\r\n<\/tr>\r\n<tr>\r\n<td width=\"30%\"><a href=\"https:\/\/www.education.ie\/en\/Publications\/Inspection-Reports-Publications\/Evaluation-Reports-Guidelines\/School-Self-Evaluation-Guidelines-2016-2020-Primary.pdf\">School self-evaluation guidelines\u00a0<\/a><a href=\"https:\/\/www.education.ie\/en\/Publications\/Inspection-Reports-Publications\/Evaluation-Reports-Guidelines\/School-Self-Evaluation-Guidelines-2016-2020-Primary.pdf\">2016-2020<\/a><\/td>\r\n<td width=\"48%\">Department of Education and Skills, Ireland<\/td>\r\n<td width=\"21%\">2016<\/td>\r\n<\/tr>\r\n<tr>\r\n<td width=\"30%\"><a href=\"http:\/\/eacea.ec.europa.eu\/education\/eurydice\/documents\/thematic_reports\/178EN.pdf\">Assuring Quality in Education: Policies and<\/a>\r\n\r\n<a href=\"http:\/\/eacea.ec.europa.eu\/education\/eurydice\/documents\/thematic_reports\/178EN.pdf\">Approaches to School Evaluation in Europe. Eurydice Report<\/a><\/td>\r\n<td width=\"48%\">European Commission\/EACEA\/Eurydice<\/td>\r\n<td width=\"21%\">2015<\/td>\r\n<\/tr>\r\n<tr>\r\n<td width=\"30%\"><a href=\"https:\/\/www.educationdevelopmenttrust.com\/~\/media\/EDT\/Reports\/Research\/2013\/r-school-self-evaluation-2013.pdf\">School self - evaluation<\/a>\u00a0<a href=\"https:\/\/www.educationdevelopmenttrust.com\/~\/media\/EDT\/Reports\/Research\/2013\/r-school-self-evaluation-2013.pdf\">for school improvement:\u00a0<\/a><a href=\"https:\/\/www.educationdevelopmenttrust.com\/~\/media\/EDT\/Reports\/Research\/2013\/r-school-self-evaluation-2013.pdf\">what works and why?<\/a><\/td>\r\n<td width=\"48%\">Christopher Chapman, Pamela Sammons<\/td>\r\n<td width=\"21%\">2013<\/td>\r\n<\/tr>\r\n<tr>\r\n<td width=\"30%\"><a href=\"https:\/\/s3.amazonaws.com\/academia.edu.documents\/46122162\/s0191-491x_2804_2990002-820160601-22055-l8ncsq.pdf?AWSAccessKeyId=AKIAIWOWYYGZ2Y53UL3A&amp;Expires=1510601273&amp;Signature=0rOwXlp751JVcba1xQGBsZf8E48%3D&amp;response-content-disposition=inline%3B%20filename%3DSchool_self-evaluation_and_school_improv.pdf\">School self-evaluation and school improvement: A critique of values and procedures<\/a><\/td>\r\n<td width=\"48%\">Leonidas Kyriakides, R.J. Campbell<\/td>\r\n<td width=\"21%\">2004<\/td>\r\n<\/tr>\r\n<\/tbody>\r\n<\/table>\t\t\t\t\t\t <\/div>\r\n\t\t\t\t\t\t\t\r\n\t\t\t\t\t <\/div>\r\n\t\t\t\t\t \r\n\t\t\t\t <\/div>\r\n <script>\r\n\t\tjQuery(function () {\r\n\t\t\tjQuery('#myTab_1299 a:first').tab('show')\r\n\t\t});\r\n\t\t\r\n\t\t\t\tjQuery(function(){\r\n\t\t\tvar b=\"fadeIn\";\r\n\t\t\tvar c;\r\n\t\t\tvar a;\r\n\t\t\td(jQuery(\"#myTab_1299 a\"),jQuery(\"#tab-content_1299\"));function d(e,f,g){\r\n\t\t\t\te.click(function(i){\r\n\t\t\t\t\ti.preventDefault();\r\n\t\t\t\t\tjQuery(this).tab(\"show\");\r\n\t\t\t\t\tvar h=jQuery(this).data(\"easein\");\r\n\t\t\t\t\tif(c){c.removeClass(a);}\r\n\t\t\t\t\tif(h){f.find(\"div.active\").addClass(\"animated \"+h);a=h;}\r\n\t\t\t\t\telse{if(g){f.find(\"div.active\").addClass(\"animated \"+g);a=g;}else{f.find(\"div.active\").addClass(\"animated \"+b);a=b;}}c=f.find(\"div.active\");\r\n\t\t\t\t});\r\n\t\t\t}\r\n\t\t});\r\n\t\t\r\n\r\n\t\tfunction do_resize(){\r\n\r\n\t\t\tvar width=jQuery( '.tab-content .tab-pane iframe' ).width();\r\n\t\t\tvar height=jQuery( '.tab-content .tab-pane iframe' ).height();\r\n\r\n\t\t\tvar toggleSize = true;\r\n\t\t\tjQuery('iframe').animate({\r\n\t\t\t    width: toggleSize ? width : 640,\r\n\t\t\t    height: toggleSize ? height : 360\r\n\t\t\t  }, 250);\r\n\r\n\t\t\t  toggleSize = !toggleSize;\r\n\t\t}\r\n\r\n\r\n\t<\/script>\r\n\t\t\t\t\r\n\t\t\t\n","protected":false},"excerpt":{"rendered":"<p>&nbsp; Opis standarda: Direktor razvija i realizuje sistem osiguranja kvaliteta rada ustanove. &nbsp;<\/p>\n","protected":false},"author":1,"featured_media":0,"parent":0,"menu_order":0,"comment_status":"closed","ping_status":"closed","template":"","meta":{"_bbp_topic_count":0,"_bbp_reply_count":0,"_bbp_total_topic_count":0,"_bbp_total_reply_count":0,"_bbp_voice_count":0,"_bbp_anonymous_reply_count":0,"_bbp_topic_count_hidden":0,"_bbp_reply_count_hidden":0,"_bbp_forum_subforum_count":0,"footnotes":""},"class_list":["post-1108","page","type-page","status-publish","hentry"],"_links":{"self":[{"href":"http:\/\/edlead.pefja.kg.ac.rs\/resurs\/wp-json\/wp\/v2\/pages\/1108","targetHints":{"allow":["GET"]}}],"collection":[{"href":"http:\/\/edlead.pefja.kg.ac.rs\/resurs\/wp-json\/wp\/v2\/pages"}],"about":[{"href":"http:\/\/edlead.pefja.kg.ac.rs\/resurs\/wp-json\/wp\/v2\/types\/page"}],"author":[{"embeddable":true,"href":"http:\/\/edlead.pefja.kg.ac.rs\/resurs\/wp-json\/wp\/v2\/users\/1"}],"replies":[{"embeddable":true,"href":"http:\/\/edlead.pefja.kg.ac.rs\/resurs\/wp-json\/wp\/v2\/comments?post=1108"}],"version-history":[{"count":6,"href":"http:\/\/edlead.pefja.kg.ac.rs\/resurs\/wp-json\/wp\/v2\/pages\/1108\/revisions"}],"predecessor-version":[{"id":1435,"href":"http:\/\/edlead.pefja.kg.ac.rs\/resurs\/wp-json\/wp\/v2\/pages\/1108\/revisions\/1435"}],"wp:attachment":[{"href":"http:\/\/edlead.pefja.kg.ac.rs\/resurs\/wp-json\/wp\/v2\/media?parent=1108"}],"curies":[{"name":"wp","href":"https:\/\/api.w.org\/{rel}","templated":true}]}}