{"id":1166,"date":"2017-11-15T09:37:46","date_gmt":"2017-11-15T08:37:46","guid":{"rendered":"https:\/\/resurs.edlead.edu.rs\/?page_id=1166"},"modified":"2017-11-15T14:43:19","modified_gmt":"2017-11-15T13:43:19","slug":"profesionalni-razvoj-zaposlenih","status":"publish","type":"page","link":"http:\/\/edlead.pefja.kg.ac.rs\/resurs\/profesionalni-razvoj-zaposlenih\/","title":{"rendered":"Profesionalni razvoj zaposlenih"},"content":{"rendered":"<p>Opis standarda: Direktor obezbe\u0111uje uslove i podsti\u010de profesionalni razvoj zaposlenih.<\/p>\n<p>&nbsp;<\/p>\n\t\t\t\t\t\t<style>\r\n\t\t\t\t\r\n\t\t\t\t\t#tab_container_1306 {\r\n\toverflow:hidden;\r\n\tdisplay:block;\r\n\twidth:100%;\r\n\tborder:0px solid #ddd;\r\n\tmargin-bottom:30px;\r\n\t}\r\n\r\n#tab_container_1306 .tab-content{\r\n\tpadding:20px;\r\n\tborder: 1px solid #e6e6e6 !important;\r\n\tmargin-top: 0px;\r\n\tbackground-color:#ffffff !important;\r\n\tcolor: #000000 !important;\r\n\tfont-size:16px !important;\r\n\tfont-family: Open Sans !important;\r\n\t\r\n\t\t\tborder: 0px solid #e6e6e6 !important;\r\n\t\t\r\n\t}\r\n#tab_container_1306 .wpsm_nav-tabs {\r\n    border-bottom: 0px solid #ddd;\r\n}\r\n#tab_container_1306 .wpsm_nav-tabs > li.active > a, #tab_container_1306 .wpsm_nav-tabs > li.active > a:hover, #tab_container_1306 .wpsm_nav-tabs > li.active > a:focus {\r\n\tcolor: #000000 !important;\r\n\tcursor: default;\r\n\tbackground-color: #ffffff !important;\r\n\tborder: 1px solid #e6e6e6 !important;\r\n}\r\n\r\n#tab_container_1306 .wpsm_nav-tabs > li > a {\r\n    margin-right: 0px !important; \r\n    line-height: 1.42857143 !important;\r\n    border: 1px solid #d5d5d5 !important;\r\n    border-radius: 0px 0px 0 0 !important; \r\n\tbackground-color: #e8e8e8 !important;\r\n\tcolor: #000000 !important;\r\n\tpadding: 15px 18px 15px 18px !important;\r\n\ttext-decoration: none !important;\r\n\tfont-size: 14px !important;\r\n\ttext-align:center !important;\r\n\tfont-family: Open Sans !important;\r\n}\r\n#tab_container_1306 .wpsm_nav-tabs > li > a:focus {\r\noutline: 0px !important;\r\n}\r\n\r\n#tab_container_1306 .wpsm_nav-tabs > li > a:before {\r\n\tdisplay:none !important;\r\n}\r\n#tab_container_1306 .wpsm_nav-tabs > li > a:after {\r\n\tdisplay:none !important ;\r\n}\r\n#tab_container_1306 .wpsm_nav-tabs > li{\r\npadding:0px !important ;\r\nmargin:0px;\r\n}\r\n\r\n#tab_container_1306 .wpsm_nav-tabs > li > a:hover , #tab_container_1306 .wpsm_nav-tabs > li > a:focus {\r\n    color: #000000 !important;\r\n    background-color: #e8e8e8 !important;\r\n\tborder: 1px solid #d5d5d5 !important;\r\n\t\r\n}\r\n#tab_container_1306 .wpsm_nav-tabs > li > a .fa{\r\n\r\nmargin-right:5px !important;\r\n\r\nmargin-left:5px !important;\r\n\r\n\r\n}\r\n\r\n\t\t#tab_container_1306 .wpsm_nav-tabs a{\r\n\t\t\tbackground-image: none;\r\n\t\t\tbackground-position: 0 0;\r\n\t\t\tbackground-repeat: repeat-x;\r\n\t\t}\r\n\t\t\t\r\n\r\n\r\n#tab_container_1306 .wpsm_nav-tabs > li {\r\n    float: left;\r\n    margin-bottom: -1px !important;\r\n\tmargin-right:0px !important; \r\n}\r\n\r\n\r\n#tab_container_1306 .tab-content{\r\noverflow:hidden !important;\r\n}\r\n\r\n\r\n@media (min-width: 769px) {\r\n\r\n\t#tab_container_1306 .wpsm_nav-tabs > li{\r\n\t\tfloat:left !important ;\r\n\t\t\t\tmargin-right:-1px !important;\r\n\t\t\t\t\t}\r\n\t#tab_container_1306 .wpsm_nav-tabs{\r\n\t\tfloat:none !important;\r\n\t\tmargin:0px !important;\r\n\t}\r\n\r\n\t#tab_container_1306 .wpsm_nav-tabs > li {\r\n\t\t\t\t\r\n\t}\r\n\t#tab_container_1306 .wpsm_nav{\r\n\t\t\t}\r\n\r\n}\r\n\r\n\r\n\r\n@media (max-width: 768px) {\r\n\t#tab_container_1306 .wpsm_nav-tabs > li {\r\n\t\t\t\t\r\n\t}\r\n\t#tab_container_1306 .wpsm_nav{\r\n\t\t\t}\r\n}\r\n\r\n\r\n\t.wpsm_nav-tabs li:before{\r\n\t\tdisplay:none !important;\r\n\t}\r\n\r\n\t@media (max-width: 768px) {\r\n\t\t\t\t\r\n\t\t\t\t.wpsm_nav-tabs{\r\n\t\t\tmargin-left:0px !important;\r\n\t\t\tmargin-right:0px !important; \r\n\t\t\t\r\n\t\t}\r\n\t\t\t\t#tab_container_1306 .wpsm_nav-tabs > li{\r\n\t\t\tfloat:none !important;\r\n\t\t}\r\n\t\t\t\r\n\t}\t\t\t\t<\/style>\r\n\t\t\t\t<div id=\"tab_container_1306\" >\r\n\t \r\n\t\t\t\t\t<ul class=\"wpsm_nav wpsm_nav-tabs\" role=\"tablist\" id=\"myTab_1306\">\r\n\t\t\t\t\t\t\t\r\n\t\t\t\t\t\t\t<li role=\"presentation\"  class=\"active\"  onclick=\"do_resize()\">\r\n\t\t\t\t\t\t\t\t<a href=\"#tabs_desc_1306_1\" aria-controls=\"tabs_desc_1306_1\" role=\"tab\" data-toggle=\"tab\">\r\n\t\t\t\t\t\t\t\t\t\r\n\t\t\t\t\t\t\t\t\t\t\t\t\t\t\t\t\t\t\t\t\t\t\t\t\t\t\t\t\r\n\t\t\t\t\t\t\t\t\t\t\t\t\t\t\t\t\t\t\r\n\t\t\t\t\t\t\t\t\t<span>Srpski jezik<\/span>\r\n\t\t\t\t\t\t\t\t\t\r\n\t\t\t\t\t\t\t\t\t\t\t\t\t\t\t\t\t\t\r\n\t\t\t\t\t\t\t\t\t\t\t\t\t\t\t\t\t\t\t\t\r\n\t\t\t\t\t\t\t\t\t\r\n\t\t\t\t\t\t\t\t<\/a>\r\n\t\t\t\t\t\t\t<\/li>\r\n\t\t\t\t\t\t\t\r\n\t\t\t\t\t\t\t<li role=\"presentation\"  onclick=\"do_resize()\">\r\n\t\t\t\t\t\t\t\t<a href=\"#tabs_desc_1306_2\" aria-controls=\"tabs_desc_1306_2\" role=\"tab\" data-toggle=\"tab\">\r\n\t\t\t\t\t\t\t\t\t\r\n\t\t\t\t\t\t\t\t\t\t\t\t\t\t\t\t\t\t\t\t\t\t\t\t\t\t\t\t\r\n\t\t\t\t\t\t\t\t\t\t\t\t\t\t\t\t\t\t\r\n\t\t\t\t\t\t\t\t\t<span>Engleski jezik<\/span>\r\n\t\t\t\t\t\t\t\t\t\r\n\t\t\t\t\t\t\t\t\t\t\t\t\t\t\t\t\t\t\r\n\t\t\t\t\t\t\t\t\t\t\t\t\t\t\t\t\t\t\t\t\r\n\t\t\t\t\t\t\t\t\t\r\n\t\t\t\t\t\t\t\t<\/a>\r\n\t\t\t\t\t\t\t<\/li>\r\n\t\t\t\t\t\t\t\t\t\t\t <\/ul>\r\n\r\n\t\t\t\t\t  <!-- Tab panes -->\r\n\t\t\t\t\t  <div class=\"tab-content\" id=\"tab-content_1306\">\r\n\t\t\t\t\t\t\t\t\t\t\t\t <div role=\"tabpanel\" class=\"tab-pane  in active \" id=\"tabs_desc_1306_1\">\r\n\t\t\t\t\t\t\t\t<table width=\"100%\">\r\n<tbody>\r\n<tr>\r\n<td style=\"text-align: center;\" width=\"40%\"><strong>Naziv<\/strong><\/td>\r\n<td style=\"text-align: center;\" width=\"36%\"><strong>Autor<\/strong><\/td>\r\n<td width=\"22%\">\r\n<p style=\"text-align: center;\"><strong>Godina<\/strong><\/p>\r\n<\/td>\r\n<\/tr>\r\n<tr>\r\n<td width=\"40%\"><a href=\"http:\/\/katalog2016.zuov.rs\/Default.aspx\">Katalog programa stalnog stru\u010dnog usavr\u0161avanja nastavnika, vaspita\u010da i stru\u010dnih saradnika za \u0161kolsku 2016\/2017. i 2017\/2018.<\/a><\/td>\r\n<td width=\"36%\">Zavod za unapre\u0111ivanje obrazovanja i vaspitanja<\/td>\r\n<td width=\"22%\">2016-2017<\/td>\r\n<\/tr>\r\n<tr>\r\n<td width=\"40%\"><a href=\"https:\/\/ceo.edu.rs\/wp-content\/uploads\/2017\/08\/%D0%9F%D1%80%D0%B8%D1%80%D1%83%D1%87%D0%BD%D0%B8%D0%BA-%D0%B7%D0%B0-%D0%BF%D1%80%D0%B0%D1%9B%D0%B5%D1%9A%D0%B5-%D1%84%D0%B8%D0%B7%D0%B8%D1%87%D0%BA%D0%BE%D0%B3-%D1%80%D0%B0%D0%B7%D0%B2%D0%BE%D1%98%D0%B0-%D0%B8-%D1%80%D0%B0%D0%B7%D0%B2%D0%BE%D1%98%D0%B0-%D0%BC%D0%BE%D1%82%D0%BE%D1%80%D0%B8%D1%87%D0%BA%D0%B8%D1%85-%D1%81%D0%BF%D0%BE%D1%81%D0%BE%D0%B1%D0%BD%D0%BE%D1%81%D1%82%D0%B8-%D1%83%D1%87%D0%B5%D0%BD%D0%B8%D0%BA%D0%B0-%D1%83-%D0%BD%D0%B0%D1%81%D1%82%D0%B0%D0%B2%D0%B8-%D1%84%D0%B8%D0%B7%D0%B8%D1%87%D0%BA%D0%BE%D0%B3-%D0%B2%D0%B0%D1%81%D0%BF%D0%B8%D1%82%D0%B0%D1%9A%D0%B0.pdf\">Priru\u010dnik za pra\u0107enje fizi\u010dkog razvoja i razvoja motori\u010dkih sposobnosti u\u010denika<\/a>\u00a0<a href=\"https:\/\/ceo.edu.rs\/wp-content\/uploads\/2017\/08\/%D0%9F%D1%80%D0%B8%D1%80%D1%83%D1%87%D0%BD%D0%B8%D0%BA-%D0%B7%D0%B0-%D0%BF%D1%80%D0%B0%D1%9B%D0%B5%D1%9A%D0%B5-%D1%84%D0%B8%D0%B7%D0%B8%D1%87%D0%BA%D0%BE%D0%B3-%D1%80%D0%B0%D0%B7%D0%B2%D0%BE%D1%98%D0%B0-%D0%B8-%D1%80%D0%B0%D0%B7%D0%B2%D0%BE%D1%98%D0%B0-%D0%BC%D0%BE%D1%82%D0%BE%D1%80%D0%B8%D1%87%D0%BA%D0%B8%D1%85-%D1%81%D0%BF%D0%BE%D1%81%D0%BE%D0%B1%D0%BD%D0%BE%D1%81%D1%82%D0%B8-%D1%83%D1%87%D0%B5%D0%BD%D0%B8%D0%BA%D0%B0-%D1%83-%D0%BD%D0%B0%D1%81%D1%82%D0%B0%D0%B2%D0%B8-%D1%84%D0%B8%D0%B7%D0%B8%D1%87%D0%BA%D0%BE%D0%B3-%D0%B2%D0%B0%D1%81%D0%BF%D0%B8%D1%82%D0%B0%D1%9A%D0%B0.pdf\">u nastavi fizi\u010dkog vaspitanja<\/a><\/td>\r\n<td width=\"36%\">Ivana Milanovi\u0107,\r\nSne\u017eana Radisavljevi\u0107 Jani\u0107, Gordana \u010capri\u0107,\r\nDragan Mirkov<\/td>\r\n<td width=\"22%\">2016<\/td>\r\n<\/tr>\r\n<tr>\r\n<td width=\"40%\"><a href=\"http:\/\/socijalnoukljucivanje.gov.rs\/wp-content\/uploads\/2016\/02\/Positive-discipline-UNESCO_SRB_Final.pdf\">Pozitivna disciplina u podsticajnom inkluzivnom \u0161kolskom okru\u017eenju: vodi\u010d za nastavnike i edukatore<\/a>\u00a0<a href=\"http:\/\/socijalnoukljucivanje.gov.rs\/wp-content\/uploads\/2016\/02\/Positive-discipline-UNESCO_SRB_Final.pdf\">nastavnika<\/a><\/td>\r\n<td width=\"36%\">UNESCO<\/td>\r\n<td width=\"22%\">2015<\/td>\r\n<\/tr>\r\n<tr>\r\n<td width=\"40%\"><a href=\"http:\/\/www.cep.edu.rs\/public\/Nastavnici_-_refleksivni_istrazivaci_inkluzivne_obrazovne_prakse1.pdf\">Nastavnici - refleksivni istra\u017eiva\u010di inkluzivne obrazovne prakse<\/a><\/td>\r\n<td width=\"36%\">Urednici:\r\nVitomir Jovanovi\u0107,\r\nMilica Grahovac<\/td>\r\n<td width=\"22%\">2015<\/td>\r\n<\/tr>\r\n<tr>\r\n<td width=\"40%\"><a href=\"http:\/\/www.cep.edu.rs\/public\/Nastavnicka_profesija_za_21_vek.pdf\">Nastavni\u010dka profesija za 21. vek<\/a><\/td>\r\n<td width=\"36%\">Urednici:\r\nZoran Velkovski i\r\nVlasta Vizek Vidovi\u0107<\/td>\r\n<td width=\"22%\">2013<\/td>\r\n<\/tr>\r\n<tr>\r\n<td width=\"40%\"><a href=\"http:\/\/vrednovanje.ceo.edu.rs\/prirucnik-i-prateci-materijali\">Okvir za pra\u0107enje rada kolega jednakih po obrazovanju i poziciji<\/a><\/td>\r\n<td width=\"36%\">Projekat: Modernizacija sistema srednjeg stru\u010dnog obrazovanja u Srbiji<\/td>\r\n<td width=\"22%\">2013<\/td>\r\n<\/tr>\r\n<tr>\r\n<td width=\"40%\"><a href=\"http:\/\/doiserbia.nb.rs\/img\/doi\/0579-6431\/2013\/0579-64311301086S.pdf\">Pravci unapre\u0111ivanja stru\u010dnog usavr\u0161avanja nastavnika u Srbiji: perspektiva nastavnika osnovnih \u0161kola<\/a><\/td>\r\n<td width=\"36%\">Dejan Stankovi\u0107,\r\nIvana \u0110eri\u0107,\r\nVladeta Milin<\/td>\r\n<td width=\"22%\">2012<\/td>\r\n<\/tr>\r\n<tr>\r\n<td width=\"40%\"><a href=\"http:\/\/doiserbia.nb.rs\/img\/doi\/0579-6431\/2014\/0579-64311401029D.pdf\">Pravci unapre\u0111ivanja stru\u010dnog usavr\u0161avanja nastavnika u Srbiji: Perspektive razli\u010ditih aktera<\/a><\/td>\r\n<td width=\"36%\">Ivana \u0110eri\u0107,\r\nVladeta Milin,\r\nDejan Stankovi\u0107<\/td>\r\n<td width=\"22%\">2012<\/td>\r\n<\/tr>\r\n<tr>\r\n<td width=\"40%\"><a href=\"http:\/\/www.nps.gov.rs\/wp-content\/uploads\/2011\/04\/standardi-nastavnika_cir.pdf\">Standardi kompetencija za profesiju nastavnika i njihovog profesionalnog razvoja<\/a><\/td>\r\n<td width=\"36%\">Nacionalni prosvetni savet<\/td>\r\n<td width=\"22%\">2011<\/td>\r\n<\/tr>\r\n<tr>\r\n<td width=\"40%\"><a href=\"http:\/\/www.cep.edu.rs\/public\/Tuning_Teacher_Education_Western_Balkans1.pdf\">Usagla\u0161avanje programa obrazovanja prosvetnih radnika u zemljama Zapadnog Balkana<\/a><\/td>\r\n<td width=\"36%\">Urednik: Nata\u0161a Panti\u0107<\/td>\r\n<td width=\"22%\">2008<\/td>\r\n<\/tr>\r\n<tr>\r\n<td width=\"40%\"><a href=\"http:\/\/www.unicef.rs\/wp-content\/uploads\/2016\/09\/publikacija_-_uputstvo_za_voditelje_seminara_final_41.pdf\">Deca iz etni\u010dki\u00a0<\/a><a href=\"http:\/\/www.unicef.rs\/wp-content\/uploads\/2016\/09\/publikacija_-_uputstvo_za_voditelje_seminara_final_41.pdf\">marginalizovanih sredina:<\/a>\r\n\r\n<a href=\"http:\/\/www.unicef.rs\/wp-content\/uploads\/2016\/09\/publikacija_-_uputstvo_za_voditelje_seminara_final_41.pdf\">Modul obuke nastavnika za primenu<\/a>\u00a0<a href=\"http:\/\/www.unicef.rs\/wp-content\/uploads\/2016\/09\/publikacija_-_uputstvo_za_voditelje_seminara_final_41.pdf\">metoda aktivnog u\u010denja\/nastave -\u00a0<\/a><a href=\"http:\/\/www.unicef.rs\/wp-content\/uploads\/2016\/09\/publikacija_-_uputstvo_za_voditelje_seminara_final_41.pdf\">uputstvo za voditelje seminara<\/a><\/td>\r\n<td width=\"36%\">Grupa autora<\/td>\r\n<td width=\"22%\">2007<\/td>\r\n<\/tr>\r\n<tr>\r\n<td width=\"40%\"><a href=\"http:\/\/www.unicef.rs\/wp-content\/uploads\/2016\/09\/Prirucnik_Vaspitanje_za_zdravlje_kroz_zivotne_vestine.pdf\">Priru\u010dnik \u201eVaspitanje za zdravlje kroz \u017eivotne ve\u0161tine\u201d<\/a><\/td>\r\n<td width=\"36%\">Grupa autora<\/td>\r\n<td width=\"22%\">2006<\/td>\r\n<\/tr>\r\n<tr>\r\n<td width=\"40%\"><a href=\"http:\/\/www.zuov.rs\/programi1\/Kompetencije\/Anketa.aspx\">Upitnik za samoprocenu kompetencija nastavnika<\/a><\/td>\r\n<td width=\"36%\">Zavod za unapre\u0111ivanje obrazovanja i vaspitanja<\/td>\r\n<td width=\"22%\">Nedatirano<\/td>\r\n<\/tr>\r\n<\/tbody>\r\n<\/table>\t\t\t\t\t\t <\/div>\r\n\t\t\t\t\t\t\t\t\t\t\t\t <div role=\"tabpanel\" class=\"tab-pane \" id=\"tabs_desc_1306_2\">\r\n\t\t\t\t\t\t\t\t<table>\r\n<tbody>\r\n<tr>\r\n<td width=\"86\">\r\n<p style=\"text-align: center;\"><strong>Naziv<\/strong><\/p>\r\n<\/td>\r\n<td style=\"text-align: center;\" width=\"165\"><strong>Autor<\/strong><\/td>\r\n<td width=\"51\">\r\n<p style=\"text-align: center;\"><strong>Godina<\/strong><\/p>\r\n<\/td>\r\n<\/tr>\r\n<tr>\r\n<td width=\"86\">The Teaching Profession in Europe: Practices, Perceptions, and Policies. Eurydice Report<\/td>\r\n<td width=\"165\">European Commission\/EACEA\/Eurydice<\/td>\r\n<td width=\"51\">2015<\/td>\r\n<\/tr>\r\n<tr>\r\n<td width=\"86\"><a href=\"http:\/\/edu.aru.ac.th\/childedu\/images\/PDF\/benjamaporn\/EdPractices_18.pdf\">Teacher professional learning and development<\/a><\/td>\r\n<td width=\"165\">H. Timperley, A. Wilson, H. Barrar, I. Fung<\/td>\r\n<td width=\"51\">2008<\/td>\r\n<\/tr>\r\n<tr>\r\n<td width=\"86\"><a href=\"http:\/\/media.leidenuniv.nl\/legacy\/educ-researcher-33-(2004)-3-15---borko---professional-development-and-teacher-learning.pdf\">Professional Development and Teacher Learning: Mapping the Terrain<\/a><\/td>\r\n<td width=\"165\">Hilda Borko<\/td>\r\n<td width=\"51\">2004<\/td>\r\n<\/tr>\r\n<tr>\r\n<td width=\"86\"><a href=\"https:\/\/www.google.rs\/url?sa=t&rct=j&q=&esrc=s&source=web&cd=1&cad=rja&uact=8&ved=0ahUKEwicxJmAlcPXAhWLCewKHbv-A-wQFggqMAA&url=http%3A%2F%2Funesdoc.unesco.org%2Fimages%2F0013%2F001330%2F133010e.pdf&usg=AOvVaw0D4c25UdxPdSoExTN5DcuC\">Teacher professional development: an international review of the literature<\/a><\/td>\r\n<td width=\"165\">Eleonora Villegas-Reimers<\/td>\r\n<td width=\"51\">2003<\/td>\r\n<\/tr>\r\n<tr>\r\n<td width=\"86\"><a href=\"http:\/\/class.anhoes.ntpc.edu.tw\/happy\/wenwen\/files_dl\/Guskey2002%20Professional%20Development%20and%20Teacher%20Change.pdf\">Professional Development and Teacher<\/a>\r\n\r\n<a href=\"http:\/\/class.anhoes.ntpc.edu.tw\/happy\/wenwen\/files_dl\/Guskey2002%20Professional%20Development%20and%20Teacher%20Change.pdf\">Change<\/a><\/td>\r\n<td width=\"165\">Thomas R. Guskey<\/td>\r\n<td width=\"51\">2002<\/td>\r\n<\/tr>\r\n<tr>\r\n<td width=\"86\"><a href=\"http:\/\/mc-6051-337390055.us-east-1.elb.amazonaws.com\/sites\/default\/files\/downloads\/report\/aera_designing_0.pdf\">What makes professional development effective? Results from a national sample of teachers<\/a><\/td>\r\n<td width=\"165\">MS Garet, AC Porter, L Desimone, BF Birman, KS Yoon<\/td>\r\n<td width=\"51\">2001<\/td>\r\n<\/tr>\r\n<\/tbody>\r\n<\/table>\t\t\t\t\t\t <\/div>\r\n\t\t\t\t\t\t\t\r\n\t\t\t\t\t <\/div>\r\n\t\t\t\t\t \r\n\t\t\t\t <\/div>\r\n <script>\r\n\t\tjQuery(function () {\r\n\t\t\tjQuery('#myTab_1306 a:first').tab('show')\r\n\t\t});\r\n\t\t\r\n\t\t\t\tjQuery(function(){\r\n\t\t\tvar b=\"fadeIn\";\r\n\t\t\tvar c;\r\n\t\t\tvar a;\r\n\t\t\td(jQuery(\"#myTab_1306 a\"),jQuery(\"#tab-content_1306\"));function d(e,f,g){\r\n\t\t\t\te.click(function(i){\r\n\t\t\t\t\ti.preventDefault();\r\n\t\t\t\t\tjQuery(this).tab(\"show\");\r\n\t\t\t\t\tvar h=jQuery(this).data(\"easein\");\r\n\t\t\t\t\tif(c){c.removeClass(a);}\r\n\t\t\t\t\tif(h){f.find(\"div.active\").addClass(\"animated \"+h);a=h;}\r\n\t\t\t\t\telse{if(g){f.find(\"div.active\").addClass(\"animated \"+g);a=g;}else{f.find(\"div.active\").addClass(\"animated \"+b);a=b;}}c=f.find(\"div.active\");\r\n\t\t\t\t});\r\n\t\t\t}\r\n\t\t});\r\n\t\t\r\n\r\n\t\tfunction do_resize(){\r\n\r\n\t\t\tvar width=jQuery( '.tab-content .tab-pane iframe' ).width();\r\n\t\t\tvar height=jQuery( '.tab-content .tab-pane iframe' ).height();\r\n\r\n\t\t\tvar toggleSize = true;\r\n\t\t\tjQuery('iframe').animate({\r\n\t\t\t    width: toggleSize ? width : 640,\r\n\t\t\t    height: toggleSize ? height : 360\r\n\t\t\t  }, 250);\r\n\r\n\t\t\t  toggleSize = !toggleSize;\r\n\t\t}\r\n\r\n\r\n\t<\/script>\r\n\t\t\t\t\r\n\t\t\t\n","protected":false},"excerpt":{"rendered":"<p>Opis standarda: Direktor obezbe\u0111uje uslove i podsti\u010de profesionalni razvoj zaposlenih. &nbsp;<\/p>\n","protected":false},"author":1,"featured_media":0,"parent":0,"menu_order":0,"comment_status":"closed","ping_status":"closed","template":"","meta":{"_bbp_topic_count":0,"_bbp_reply_count":0,"_bbp_total_topic_count":0,"_bbp_total_reply_count":0,"_bbp_voice_count":0,"_bbp_anonymous_reply_count":0,"_bbp_topic_count_hidden":0,"_bbp_reply_count_hidden":0,"_bbp_forum_subforum_count":0,"footnotes":""},"class_list":["post-1166","page","type-page","status-publish","hentry"],"_links":{"self":[{"href":"http:\/\/edlead.pefja.kg.ac.rs\/resurs\/wp-json\/wp\/v2\/pages\/1166","targetHints":{"allow":["GET"]}}],"collection":[{"href":"http:\/\/edlead.pefja.kg.ac.rs\/resurs\/wp-json\/wp\/v2\/pages"}],"about":[{"href":"http:\/\/edlead.pefja.kg.ac.rs\/resurs\/wp-json\/wp\/v2\/types\/page"}],"author":[{"embeddable":true,"href":"http:\/\/edlead.pefja.kg.ac.rs\/resurs\/wp-json\/wp\/v2\/users\/1"}],"replies":[{"embeddable":true,"href":"http:\/\/edlead.pefja.kg.ac.rs\/resurs\/wp-json\/wp\/v2\/comments?post=1166"}],"version-history":[{"count":5,"href":"http:\/\/edlead.pefja.kg.ac.rs\/resurs\/wp-json\/wp\/v2\/pages\/1166\/revisions"}],"predecessor-version":[{"id":1308,"href":"http:\/\/edlead.pefja.kg.ac.rs\/resurs\/wp-json\/wp\/v2\/pages\/1166\/revisions\/1308"}],"wp:attachment":[{"href":"http:\/\/edlead.pefja.kg.ac.rs\/resurs\/wp-json\/wp\/v2\/media?parent=1166"}],"curies":[{"name":"wp","href":"https:\/\/api.w.org\/{rel}","templated":true}]}}