{"id":1356,"date":"2017-11-15T23:32:01","date_gmt":"2017-11-15T22:32:01","guid":{"rendered":"https:\/\/resurs.edlead.edu.rs\/?page_id=1356"},"modified":"2017-11-15T23:55:31","modified_gmt":"2017-11-15T22:55:31","slug":"propisi","status":"publish","type":"page","link":"http:\/\/edlead.pefja.kg.ac.rs\/resurs\/propisi\/","title":{"rendered":"Propisi"},"content":{"rendered":"\t\t\t\t\t\t<style>\r\n\t\t\t\t\r\n\t\t\t\t\t#tab_container_1359 {\r\n\toverflow:hidden;\r\n\tdisplay:block;\r\n\twidth:100%;\r\n\tborder:0px solid #ddd;\r\n\tmargin-bottom:30px;\r\n\t}\r\n\r\n#tab_container_1359 .tab-content{\r\n\tpadding:20px;\r\n\tborder: 1px solid #e6e6e6 !important;\r\n\tmargin-top: 0px;\r\n\tbackground-color:#ffffff !important;\r\n\tcolor: #000000 !important;\r\n\tfont-size:16px !important;\r\n\tfont-family: Open Sans !important;\r\n\t\r\n\t\t\tborder: 0px solid #e6e6e6 !important;\r\n\t\t\r\n\t}\r\n#tab_container_1359 .wpsm_nav-tabs {\r\n    border-bottom: 0px solid #ddd;\r\n}\r\n#tab_container_1359 .wpsm_nav-tabs > li.active > a, #tab_container_1359 .wpsm_nav-tabs > li.active > a:hover, #tab_container_1359 .wpsm_nav-tabs > li.active > a:focus {\r\n\tcolor: #000000 !important;\r\n\tcursor: default;\r\n\tbackground-color: #ffffff !important;\r\n\tborder: 1px solid #e6e6e6 !important;\r\n}\r\n\r\n#tab_container_1359 .wpsm_nav-tabs > li > a {\r\n    margin-right: 0px !important; \r\n    line-height: 1.42857143 !important;\r\n    border: 1px solid #d5d5d5 !important;\r\n    border-radius: 0px 0px 0 0 !important; \r\n\tbackground-color: #e8e8e8 !important;\r\n\tcolor: #000000 !important;\r\n\tpadding: 15px 18px 15px 18px !important;\r\n\ttext-decoration: none !important;\r\n\tfont-size: 14px !important;\r\n\ttext-align:center !important;\r\n\tfont-family: Open Sans !important;\r\n}\r\n#tab_container_1359 .wpsm_nav-tabs > li > a:focus {\r\noutline: 0px !important;\r\n}\r\n\r\n#tab_container_1359 .wpsm_nav-tabs > li > a:before {\r\n\tdisplay:none !important;\r\n}\r\n#tab_container_1359 .wpsm_nav-tabs > li > a:after {\r\n\tdisplay:none !important ;\r\n}\r\n#tab_container_1359 .wpsm_nav-tabs > li{\r\npadding:0px !important ;\r\nmargin:0px;\r\n}\r\n\r\n#tab_container_1359 .wpsm_nav-tabs > li > a:hover , #tab_container_1359 .wpsm_nav-tabs > li > a:focus {\r\n    color: #000000 !important;\r\n    background-color: #e8e8e8 !important;\r\n\tborder: 1px solid #d5d5d5 !important;\r\n\t\r\n}\r\n#tab_container_1359 .wpsm_nav-tabs > li > a .fa{\r\n\r\nmargin-right:5px !important;\r\n\r\nmargin-left:5px !important;\r\n\r\n\r\n}\r\n\r\n\t\t#tab_container_1359 .wpsm_nav-tabs a{\r\n\t\t\tbackground-image: none;\r\n\t\t\tbackground-position: 0 0;\r\n\t\t\tbackground-repeat: repeat-x;\r\n\t\t}\r\n\t\t\t\r\n\r\n\r\n#tab_container_1359 .wpsm_nav-tabs > li {\r\n    float: left;\r\n    margin-bottom: -1px !important;\r\n\tmargin-right:0px !important; \r\n}\r\n\r\n\r\n#tab_container_1359 .tab-content{\r\noverflow:hidden !important;\r\n}\r\n\r\n\r\n@media (min-width: 769px) {\r\n\r\n\t#tab_container_1359 .wpsm_nav-tabs > li{\r\n\t\tfloat:left !important ;\r\n\t\t\t\tmargin-right:-1px !important;\r\n\t\t\t\t\t}\r\n\t#tab_container_1359 .wpsm_nav-tabs{\r\n\t\tfloat:none !important;\r\n\t\tmargin:0px !important;\r\n\t}\r\n\r\n\t#tab_container_1359 .wpsm_nav-tabs > li {\r\n\t\t\t\t\r\n\t}\r\n\t#tab_container_1359 .wpsm_nav{\r\n\t\t\t}\r\n\r\n}\r\n\r\n\r\n\r\n@media (max-width: 768px) {\r\n\t#tab_container_1359 .wpsm_nav-tabs > li {\r\n\t\t\t\t\r\n\t}\r\n\t#tab_container_1359 .wpsm_nav{\r\n\t\t\t}\r\n}\r\n\r\n\r\n\t.wpsm_nav-tabs li:before{\r\n\t\tdisplay:none !important;\r\n\t}\r\n\r\n\t@media (max-width: 768px) {\r\n\t\t\t\t\r\n\t\t\t\t.wpsm_nav-tabs{\r\n\t\t\tmargin-left:0px !important;\r\n\t\t\tmargin-right:0px !important; \r\n\t\t\t\r\n\t\t}\r\n\t\t\t\t#tab_container_1359 .wpsm_nav-tabs > li{\r\n\t\t\tfloat:none !important;\r\n\t\t}\r\n\t\t\t\r\n\t}\t\t\t\t<\/style>\r\n\t\t\t\t<div id=\"tab_container_1359\" >\r\n\t \r\n\t\t\t\t\t<ul class=\"wpsm_nav wpsm_nav-tabs\" role=\"tablist\" id=\"myTab_1359\">\r\n\t\t\t\t\t\t\t\r\n\t\t\t\t\t\t\t<li role=\"presentation\"  class=\"active\"  onclick=\"do_resize()\">\r\n\t\t\t\t\t\t\t\t<a href=\"#tabs_desc_1359_1\" aria-controls=\"tabs_desc_1359_1\" role=\"tab\" data-toggle=\"tab\">\r\n\t\t\t\t\t\t\t\t\t\r\n\t\t\t\t\t\t\t\t\t\t\t\t\t\t\t\t\t\t\t\t\t\t\t\t\t\t\t\t\r\n\t\t\t\t\t\t\t\t\t\t\t\t\t\t\t\t\t\t\r\n\t\t\t\t\t\t\t\t\t<span>ZAKONI - PROSVETA<\/span>\r\n\t\t\t\t\t\t\t\t\t\r\n\t\t\t\t\t\t\t\t\t\t\t\t\t\t\t\t\t\t\r\n\t\t\t\t\t\t\t\t\t\t\t\t\t\t\t\t\t\t\t\t\r\n\t\t\t\t\t\t\t\t\t\r\n\t\t\t\t\t\t\t\t<\/a>\r\n\t\t\t\t\t\t\t<\/li>\r\n\t\t\t\t\t\t\t\r\n\t\t\t\t\t\t\t<li role=\"presentation\"  onclick=\"do_resize()\">\r\n\t\t\t\t\t\t\t\t<a href=\"#tabs_desc_1359_2\" aria-controls=\"tabs_desc_1359_2\" role=\"tab\" data-toggle=\"tab\">\r\n\t\t\t\t\t\t\t\t\t\r\n\t\t\t\t\t\t\t\t\t\t\t\t\t\t\t\t\t\t\t\t\t\t\t\t\t\t\t\t\r\n\t\t\t\t\t\t\t\t\t\t\t\t\t\t\t\t\t\t\r\n\t\t\t\t\t\t\t\t\t<span>OSTALI ZAKONI<\/span>\r\n\t\t\t\t\t\t\t\t\t\r\n\t\t\t\t\t\t\t\t\t\t\t\t\t\t\t\t\t\t\r\n\t\t\t\t\t\t\t\t\t\t\t\t\t\t\t\t\t\t\t\t\r\n\t\t\t\t\t\t\t\t\t\r\n\t\t\t\t\t\t\t\t<\/a>\r\n\t\t\t\t\t\t\t<\/li>\r\n\t\t\t\t\t\t\t\r\n\t\t\t\t\t\t\t<li role=\"presentation\"  onclick=\"do_resize()\">\r\n\t\t\t\t\t\t\t\t<a href=\"#tabs_desc_1359_3\" aria-controls=\"tabs_desc_1359_3\" role=\"tab\" data-toggle=\"tab\">\r\n\t\t\t\t\t\t\t\t\t\r\n\t\t\t\t\t\t\t\t\t\t\t\t\t\t\t\t\t\t\t\t\t\t\t\t\t\t\t\t\r\n\t\t\t\t\t\t\t\t\t\t\t\t\t\t\t\t\t\t\r\n\t\t\t\t\t\t\t\t\t<span>PRAVILNICI - PROSVETA<\/span>\r\n\t\t\t\t\t\t\t\t\t\r\n\t\t\t\t\t\t\t\t\t\t\t\t\t\t\t\t\t\t\r\n\t\t\t\t\t\t\t\t\t\t\t\t\t\t\t\t\t\t\t\t\r\n\t\t\t\t\t\t\t\t\t\r\n\t\t\t\t\t\t\t\t<\/a>\r\n\t\t\t\t\t\t\t<\/li>\r\n\t\t\t\t\t\t\t\r\n\t\t\t\t\t\t\t<li role=\"presentation\"  onclick=\"do_resize()\">\r\n\t\t\t\t\t\t\t\t<a href=\"#tabs_desc_1359_4\" aria-controls=\"tabs_desc_1359_4\" role=\"tab\" data-toggle=\"tab\">\r\n\t\t\t\t\t\t\t\t\t\r\n\t\t\t\t\t\t\t\t\t\t\t\t\t\t\t\t\t\t\t\t\t\t\t\t\t\t\t\t\r\n\t\t\t\t\t\t\t\t\t\t\t\t\t\t\t\t\t\t\r\n\t\t\t\t\t\t\t\t\t<span>OSTALI PRAVILNICI<\/span>\r\n\t\t\t\t\t\t\t\t\t\r\n\t\t\t\t\t\t\t\t\t\t\t\t\t\t\t\t\t\t\r\n\t\t\t\t\t\t\t\t\t\t\t\t\t\t\t\t\t\t\t\t\r\n\t\t\t\t\t\t\t\t\t\r\n\t\t\t\t\t\t\t\t<\/a>\r\n\t\t\t\t\t\t\t<\/li>\r\n\t\t\t\t\t\t\t\t\t\t\t <\/ul>\r\n\r\n\t\t\t\t\t  <!-- Tab panes -->\r\n\t\t\t\t\t  <div class=\"tab-content\" id=\"tab-content_1359\">\r\n\t\t\t\t\t\t\t\t\t\t\t\t <div role=\"tabpanel\" class=\"tab-pane  in active \" id=\"tabs_desc_1359_1\">\r\n\t\t\t\t\t\t\t\t<table width=\"100%\">\r\n<tbody>\r\n<tr>\r\n<td width=\"50%\"><a href=\"http:\/\/www.paragraf.rs\/propisi\/ustav_republike_srbije.html\">Ustav Republike Srbije<\/a><\/td>\r\n<\/tr>\r\n<tr>\r\n<td width=\"50%\"><a href=\"http:\/\/www.paragraf.rs\/propisi\/zakon_o_osnovama_sistema_obrazovanja_i_vaspitanja.html\">Zakon o osnovama sistema obrazovanja i vaspitanja<\/a><\/td>\r\n<\/tr>\r\n<tr>\r\n<td width=\"50%\"><a href=\"http:\/\/www.mpn.gov.rs\/wp-content\/uploads\/2015\/08\/%D0%97%D0%B0%D0%BA%D0%BE%D0%BD_%D0%BE_%D0%BF%D1%80%D0%B5%D0%B4%D1%88%D0%BA%D0%BE%D0%BB%D1%81%D0%BA%D0%BE%D0%BC_%D0%BE%D0%B1%D1%80%D0%B0%D0%B7%D0%BE%D0%B2%D0%B0%D1%9A%D1%83_%D0%B8_%D0%B2%D0%B0%D1%81%D0%BF%D0%B8%D1%82%D0%B0%D1%9A%D1%83.pdf\">Zakon o pred\u0161kolskom vaspitanju i obrazovanju<\/a>\r\n<a href=\"http:\/\/www.parlament.gov.rs\/upload\/archive\/files\/cir\/pdf\/zakoni\/2017\/2862-17.pdf\">Zakon o izmenama i dopunama Zakona o pred\u0161kolskom vaspitanju i obrazovanju<\/a><\/td>\r\n<\/tr>\r\n<tr>\r\n<td width=\"50%\"><a href=\"http:\/\/www.paragraf.rs\/propisi\/zakon_o_osnovnom_obrazovanju_i_vaspitanju.html\">Zakon o osnovnom obrazovanju i vaspitanju<\/a>\r\n<a href=\"http:\/\/www.parlament.gov.rs\/upload\/archive\/files\/cir\/pdf\/zakoni\/2017\/2864-17.pdf\">Zakon o izmenama dopunama Zakona o osnovnom obrazovanju i vaspitanju<\/a><\/td>\r\n<\/tr>\r\n<tr>\r\n<td width=\"50%\"><a href=\"ttp:\/\/www.paragraf.rs\/propisi\/zakon_o_srednjem_obrazovanju_i_vaspitanju.html\">Zakon o srednjem obrazovanju i vaspitanju<\/a>\r\n\r\n<a href=\"http:\/\/www.parlament.gov.rs\/upload\/archive\/files\/cir\/pdf\/zakoni\/2017\/2865-17.pdf\">Zakon o izmenama i dopunama Zakona o srednjem obrazovanju i vaspitanju<\/a><\/td>\r\n<\/tr>\r\n<tr>\r\n<td width=\"50%\"><a href=\"http:\/\/www.parlament.gov.rs\/upload\/archive\/files\/cir\/pdf\/zakoni\/2017\/2861-17.pdf\">Zakon o dualnom obrazovanju<\/a><\/td>\r\n<\/tr>\r\n<tr>\r\n<td width=\"50%\"><a href=\"http:\/\/www.parlament.gov.rs\/upload\/archive\/files\/cir\/pdf\/zakoni\/2017\/2477-17.pdf\">Zakon o visokom obrazovanju<\/a><\/td>\r\n<\/tr>\r\n<tr>\r\n<td width=\"50%\"><a href=\"http:\/\/www.mpn.gov.rs\/wp-content\/uploads\/2015\/08\/%D0%97%D0%B0%D0%BA%D0%BE%D0%BD-%D0%BE-%D0%BE%D0%B1%D1%80%D0%B0%D0%B7%D0%BE%D0%B2%D0%B0%D1%9A%D1%83-%D0%BE%D0%B4%D1%80%D0%B0%D1%81%D0%BB%D0%B8%D1%85.pdf\">Zakon o obrazovanju odraslih<\/a><\/td>\r\n<\/tr>\r\n<tr>\r\n<td width=\"50%\"><a href=\"http:\/\/www.paragraf.rs\/propisi\/zakon_o_ucenickom_i_studentskom_standardu.html\">Zakon o u\u010deni\u010dkom i studentskom standardu<\/a><\/td>\r\n<\/tr>\r\n<tr>\r\n<td width=\"50%\"><a href=\"http:\/\/www.paragraf.rs\/propisi\/zakon_o_udzbenicima.html\">Zakon o ud\u017ebenicima<\/a><\/td>\r\n<\/tr>\r\n<\/tbody>\r\n<\/table>\t\t\t\t\t\t <\/div>\r\n\t\t\t\t\t\t\t\t\t\t\t\t <div role=\"tabpanel\" class=\"tab-pane \" id=\"tabs_desc_1359_2\">\r\n\t\t\t\t\t\t\t\t<table width=\"100%\">\r\n<tbody>\r\n<tr>\r\n<td width=\"50%\"><a href=\"http:\/\/www.paragraf.rs\/propisi\/zakon_o_opstem_upravnom_postupku-2016.html\">Zakon o op\u0161tem upravnom postupku<\/a><\/td>\r\n<\/tr>\r\n<tr>\r\n<td width=\"50%\"><a href=\"http:\/\/paragraf.rs\/propisi\/zakon_o_radu.html\">Zakon o radu<\/a><\/td>\r\n<\/tr>\r\n<tr>\r\n<td width=\"50%\"><a href=\"http:\/\/www.rsz.gov.rs\/doc\/L%20A%20T%20I%20N%20I%20C%20A\/Zakoni\/Z%D0%B0k%D0%BEn%20%D0%BE%20izgl%D0%B5du%20i%20up%D0%BEtr%D0%B5bi%20grb%D0%B0,%20z%D0%B0st%D0%B0v%D0%B5%20i%20himn%D0%B5%20R%D0%B5publik%D0%B5%20Srbi%D1%98%D0%B5.pdf\">Zakon o izgledu i upotrebi grba, zastave i himne Republike Srbije<\/a><\/td>\r\n<\/tr>\r\n<tr>\r\n<td width=\"50%\"><a href=\"http:\/\/www.paragraf.rs\/propisi\/zakon_o_sluzbenoj_upotrebi_jezika_i_pisama.html\">Zakon o slu\u017ebenoj upotrebi jezika i pisama<\/a><\/td>\r\n<\/tr>\r\n<tr>\r\n<td width=\"50%\"><a href=\"http:\/\/www.paragraf.rs\/propisi\/zakon_o_drzavnim_i_drugim_praznicima_u_republici_srbiji.html\">Zakon o dr\u017eavnim i drugim praznicima u Republici Srbiji<\/a><\/td>\r\n<\/tr>\r\n<tr>\r\n<td width=\"50%\"><a href=\"http:\/\/www.paragraf.rs\/propisi\/zakon_o_obelezavanju_dana_zalosti_na_teritoriji_republike_srbije.html\">Zakon o obele\u017eavanju dana \u017ealosti na teritoriji Republike Srbije<\/a><\/td>\r\n<\/tr>\r\n<tr>\r\n<td width=\"50%\"><a href=\"http:\/\/www.paragraf.rs\/propisi\/zakon_o_zastiti_podataka_o_licnosti.html\">Zakon o za\u0161titi podataka o li\u010dnosti<\/a><\/td>\r\n<\/tr>\r\n<tr>\r\n<td width=\"50%\"><a href=\"http:\/\/paragraf.rs\/propisi\/zakon_o_republickim_administrativnim_taksama.html\">Zakon o republi\u010dkim administrativnim taksama<\/a><\/td>\r\n<\/tr>\r\n<tr>\r\n<td width=\"50%\"><a href=\"http:\/\/paragraf.rs\/propisi\/zakon_o_vanrednim_situacijama.html\">Zakon o vanrednim situacijama<\/a><\/td>\r\n<\/tr>\r\n<tr>\r\n<td width=\"50%\"><a href=\"http:\/\/www.paragraf.rs\/propisi\/zakon_o_vojnoj_radnoj_i_materijalnoj_obavezi.html\">Zakon o vojnoj, radnoj i materijalnoj obavezi<\/a><\/td>\r\n<\/tr>\r\n<tr>\r\n<td width=\"50%\"><a href=\"http:\/\/www.paragraf.rs\/propisi\/zakon_o_bezbednosti_i_zdravlju_na_radu.html\">Zakon o bezbednosti i zdravlju na radu<\/a><\/td>\r\n<\/tr>\r\n<tr>\r\n<td width=\"50%\"><a href=\"http:\/\/www.paragraf.rs\/propisi\/zakon_o_zastiti_stanovnistva_od_izlozenosti_duvanskom_dimu.html\">Zakon o za\u0161titi stanovni\u0161tva od izlo\u017eenosti duvanskom dimu<\/a><\/td>\r\n<\/tr>\r\n<tr>\r\n<td width=\"50%\"><a href=\"http:\/\/www.paragraf.rs\/propisi\/zakon_o_sanitarnom_nadzoru.html\">Zakon o sanitarnom nadzoru<\/a><\/td>\r\n<\/tr>\r\n<tr>\r\n<td width=\"50%\"><a href=\"http:\/\/paragraf.rs\/propisi\/zakon_o_zastiti_od_pozara.html\">Zakon o za\u0161titi od po\u017eara<\/a><\/td>\r\n<\/tr>\r\n<tr>\r\n<td width=\"50%\"><a href=\"http:\/\/paragraf.rs\/propisi\/zakon_o_kulturnim_dobrima.html\">Zakon o za\u0161titi kulturnih dobara<\/a><\/td>\r\n<\/tr>\r\n<tr>\r\n<td width=\"50%\"><a href=\"http:\/\/webrzs.stat.gov.rs\/WebSite\/userFiles\/file\/O%20nama\/Dokumenti\/Zakon_o_statistici.pdf\">Zakon o obligacionim odnosima<\/a><\/td>\r\n<\/tr>\r\n<tr>\r\n<td width=\"50%\"><a href=\"http:\/\/webrzs.stat.gov.rs\/WebSite\/userFiles\/file\/O%20nama\/Dokumenti\/Zakon_o_statistici.pdf\">Zakon o zvani\u010dnoj statistici<\/a><\/td>\r\n<\/tr>\r\n<tr>\r\n<td width=\"50%\"><a href=\"http:\/\/www.paragraf.rs\/propisi\/zakon_o_poreskom_postupku_i_poreskoj_administraciji.html\">Zakon o poreskom postupku i poreskoj administraciji<\/a><\/td>\r\n<\/tr>\r\n<tr>\r\n<td width=\"50%\"><a href=\"http:\/\/www.paragraf.rs\/propisi\/zakon_o_javnim_nabavkama.html\">Zakon o javnim nabavkama<\/a><\/td>\r\n<\/tr>\r\n<tr>\r\n<td width=\"50%\"><a href=\"http:\/\/www.paragraf.rs\/propisi\/zakon_o_platama_u_drzavnim_organima_i_javnim_sluzbama.html\">Zakon o platama u dr\u017eavnim organima i javnim slu\u017ebama<\/a><\/td>\r\n<\/tr>\r\n<tr>\r\n<td width=\"50%\"><a href=\"http:\/\/www.paragraf.rs\/propisi\/zakon_o_budzetskom_sistemu.html\">Zakon o bud\u017eetskom sistemu<\/a><\/td>\r\n<\/tr>\r\n<tr>\r\n<td width=\"50%\"><a href=\"http:\/\/www.paragraf.rs\/propisi\/zakon_o_penzijskom_i_invalidskom_osiguranju.html\">Zakon o penzijskom i invalidskom osiguranju<\/a><\/td>\r\n<\/tr>\r\n<tr>\r\n<td width=\"50%\"><a href=\"http:\/\/www.paragraf.rs\/propisi\/zakon_o_pecatu_drzavnih_i_drugih_organa.html\">Zakon o pe\u010datu dr\u017eavnih i drugih organa<\/a><\/td>\r\n<\/tr>\r\n<tr>\r\n<td width=\"50%\"><a href=\"http:\/\/www.paragraf.rs\/propisi\/zakon_o_poreskom_postupku_i_poreskoj_administraciji.html\">Zakon o poreskom postupku i poreskoj administraciji<\/a><\/td>\r\n<\/tr>\r\n<tr>\r\n<td width=\"50%\"><a href=\"http:\/\/www.paragraf.rs\/propisi\/zakon_o_porezu_na_dodatu_vrednost.html\">Zakon o porezu na dodatu vrednost<\/a><\/td>\r\n<\/tr>\r\n<tr>\r\n<td width=\"50%\"><a href=\"http:\/\/www.paragraf.rs\/propisi\/zakon_o_javnoj_svojini.html\">Zakon o javnoj svojini<\/a><\/td>\r\n<\/tr>\r\n<tr>\r\n<td width=\"50%\"><a href=\"http:\/\/www.paragraf.rs\/propisi\/zakon_o_drzavnoj_revizorskoj_instituciji.html\">Zakon o dr\u017eavnoj revizorskoj instituciji<\/a><\/td>\r\n<\/tr>\r\n<tr>\r\n<td width=\"50%\"><a href=\"http:\/\/www.paragraf.rs\/propisi\/zakon_o_sportu.html\">Zakon o sportu<\/a><\/td>\r\n<\/tr>\r\n<tr>\r\n<td width=\"50%\"><a href=\"http:\/\/www.paragraf.rs\/propisi\/zakon_o_ravnopravnosti_polova.html\">Zakon o ravnopravnosti polova<\/a><\/td>\r\n<\/tr>\r\n<tr>\r\n<td width=\"50%\"><a href=\"http:\/\/www.paragraf.rs\/propisi\/zakon_o_sprecavanju_diskriminacije_osoba_sa_invaliditetom.html\">Zakon o spre\u010davanju diskriminacije osoba sa invaliditetom<\/a><\/td>\r\n<\/tr>\r\n<tr>\r\n<td width=\"50%\"><a href=\"http:\/\/www.paragraf.rs\/propisi\/zakon_o_sprecavanju_zlostavljanja_na_radu.html\">Zakon o spre\u010davanju zlostavljanja na radu<\/a><\/td>\r\n<\/tr>\r\n<tr>\r\n<td width=\"50%\"><a href=\"http:\/\/www.paragraf.rs\/propisi\/zakon_o_mirnom_resavanju_radnih_sporova.html\">Zakon o mirnom re\u0161avanju radnih sporova<\/a><\/td>\r\n<\/tr>\r\n<tr>\r\n<td width=\"50%\"><a href=\"http:\/\/www.paragraf.rs\/propisi\/zakon_o_evidencijama_u_oblasti_rada.html\">Zakon o evidencijama u oblasti rada<\/a><\/td>\r\n<\/tr>\r\n<tr>\r\n<td width=\"50%\"><a href=\"http:\/\/www.paragraf.rs\/propisi\/zakon_o_profesionalnoj_rehabilitaciji_i_zaposljavanju_osoba_sa_invaliditetom.html\">Zakon o profesionalnoj rehabilitaciji i zapo\u0161ljavanju osoba sa invaliditetom<\/a><\/td>\r\n<\/tr>\r\n<tr>\r\n<td width=\"50%\"><a href=\"http:\/\/www.paragraf.rs\/propisi\/zakon_o_strajku.html\">Zakon o \u0161trajku<\/a><\/td>\r\n<\/tr>\r\n<tr>\r\n<td width=\"50%\"><a href=\"http:\/\/www.paragraf.rs\/propisi\/zakon_o_klasifikaciji_delatnosti.html\">Zakon o klasifikaciji delatnosti<\/a><\/td>\r\n<\/tr>\r\n<tr>\r\n<td width=\"50%\"><a href=\"http:\/\/www.paragraf.rs\/propisi\/zakon_o_zastiti_zivotne_sredine.html\">Zakon o za\u0161titi \u017eivotne sredine<\/a><\/td>\r\n<\/tr>\r\n<tr>\r\n<td width=\"50%\"><a href=\"http:\/\/www.paragraf.rs\/propisi\/zakon_o_javnim_sluzbama.html\">Zakon o javnim slu\u017ebama<\/a><\/td>\r\n<\/tr>\r\n<tr>\r\n<td width=\"50%\"><a href=\"http:\/\/www.paragraf.rs\/propisi\/zakon_o_slobodnom_pristupu_informacijama_od_javnog_znacaja.html\">Zakon o slobodnom pristupu infromacijama od javnog zna\u010daja<\/a><\/td>\r\n<\/tr>\r\n<tr>\r\n<td width=\"50%\"><a href=\"http:\/\/www.paragraf.rs\/propisi\/zakon_o_zdravstvenoj_zastiti.html\">Zakon o zdravstvenoj za\u0161titi<\/a><\/td>\r\n<\/tr>\r\n<tr>\r\n<td width=\"50%\"><a href=\"http:\/\/www.paragraf.rs\/propisi\/zakon_o_doprinosima_za_obavezno_socijalno_osiguranje.html\">Zakon o doprinosima za obavezno socijalno osiguranje<\/a><\/td>\r\n<\/tr>\r\n<tr>\r\n<td width=\"50%\"><a href=\"http:\/\/www.poreskauprava.gov.rs\/sw4i\/download\/files\/box\/_id_10266\/zakon%20o%20centralnom%20registru.pdf\">Zakon o centralnom registru obaveznog socijalnog osiguranja<\/a><\/td>\r\n<\/tr>\r\n<tr>\r\n<td width=\"50%\"><a href=\"http:\/\/paragraf.rs\/propisi\/zakon_o_socijalnoj_zastiti.html\">Zakon o socijalnoj za\u0161titi<\/a><\/td>\r\n<\/tr>\r\n<tr>\r\n<td width=\"50%\"><a href=\"http:\/\/www.paragraf.rs\/propisi\/zakon_o_finansijskoj_podrsci_porodici_sa_decom.html\">Zakon o finansijskoj podr\u0161ci porodici sa decom<\/a><\/td>\r\n<\/tr>\r\n<\/tbody>\r\n<\/table>\t\t\t\t\t\t <\/div>\r\n\t\t\t\t\t\t\t\t\t\t\t\t <div role=\"tabpanel\" class=\"tab-pane \" id=\"tabs_desc_1359_3\">\r\n\t\t\t\t\t\t\t\tVa\u017ee\u0107i pravilnici iz oblasti prosvete mogu se na\u0107i na web stranici Ministarstva prosvete, nauke I tehnolo\u0161kog razvoja (<a href=\"http:\/\/www.mpn.gov.rs\/dokumenta-i-propisi\/zakonski-okvir\/\">http:\/\/www.mpn.gov.rs\/dokumenta-i-propisi\/zakonski-okvir\/<\/a>)\t\t\t\t\t\t <\/div>\r\n\t\t\t\t\t\t\t\t\t\t\t\t <div role=\"tabpanel\" class=\"tab-pane \" id=\"tabs_desc_1359_4\">\r\n\t\t\t\t\t\t\t\t<table width=\"863\">\r\n<tbody>\r\n<tr>\r\n<td width=\"432\"><a href=\"http:\/\/www.paragraf.rs\/propisi\/pravilnik_o_obliku_sadrzini_i_nacinu_vodjenja_evidencije_o_pdv_i_o_obliku_i_sadrzini_pregleda_obracuna_pdv.html\">Pravilnik o obliku, sadr\u017eii\u00a0 i na\u010dinu vo\u0111enja evidencije o PDV<\/a><\/td>\r\n<\/tr>\r\n<tr>\r\n<td width=\"432\"><a href=\"http:\/\/www.paragraf.rs\/propisi\/pravilnik_o_obezbedjivanju_oznaka_za_bezbednost_i_zdravlje_na_radu.html\">Pravilnik o obezbe\u0111ivanju oznaka za bezbednost i zdravlje na radu<\/a><\/td>\r\n<\/tr>\r\n<tr>\r\n<td width=\"432\"><a href=\"http:\/\/www.paragraf.rs\/propisi\/pravilnik_o_evidencijama_u_oblasti_bezbednosti_i_zdravlja_na_radu.html\">Pravilnik o evidencijama u oblasti bezbednosti i zdravlja na radu<\/a><\/td>\r\n<\/tr>\r\n<tr>\r\n<td width=\"432\"><a href=\"http:\/\/www.paragraf.rs\/propisi\/pravilnik_o_nacinu_i_postupku_procene_rizika_na_radnom_mestu_i_u_radnoj_okolini.html\">Pravilnik o na\u010dinu i postupku procene rizika na radnom mestu i radnoj okolini<\/a><\/td>\r\n<\/tr>\r\n<tr>\r\n<td width=\"432\"><a href=\"https:\/\/www.google.rs\/url?sa=t&amp;rct=j&amp;q=&amp;esrc=s&amp;source=web&amp;cd=1&amp;ved=0ahUKEwixx-zn6cDXAhURoqQKHQTmCDoQFgglMAA&amp;url=http%3A%2F%2Fwww.ramrrs.gov.rs%2Fwp-content%2Fuploads%2F2015%2F03%2FPRAVILNIK-o-postupku-mirnog-resavanja-radnog-spora.doc&amp;usg=AOvVaw2eJQhzSojPzinSnnnf6scc\">Pravilnik o mirnom re\u0161avanju radnih sporova<\/a><\/td>\r\n<\/tr>\r\n<tr>\r\n<td width=\"432\"><a href=\"http:\/\/www.paragraf.rs\/propisi\/pravilnik_o_obliku_i_sadrzaju_znaka_zabrane_pusenja_i_znaka_da_je_pusenje_dozvoljeno_u_odredjenom_prostoru.html\">Pravilnik o obliku i sadr\u017eaju znaka zabrane pu\u0161enja i znaka da je pu\u0161enje dozvoljeno u odre\u0111enom prostoru, na\u010dinu isticanja tih znakova, obrascu izve\u0161taja o povredi zabrane pu\u0161enja, vrste potrebnih dokaza o pu\u0161enju i na\u010dina na koji se oni prikupljaju i na koji se utvr\u0111uje prisustvo duvanskog dima u prostoru u kome je pu\u0161enje zabranjeno kao i obrascu za napla\u0107ivanje nov\u010dane kazne na licu mesta<\/a><\/td>\r\n<\/tr>\r\n<tr>\r\n<td width=\"432\"><a href=\"http:\/\/www.paragraf.rs\/propisi\/pravilnik_o_nacinu_i_programu_strucnog_osposobljavanja_i_nacinu_polaganja_strucnog_ispita_za_sluzbenika_za_javne_nabavke.html\">Pravilnik o na\u010dinu i programu stru\u010dnog osposobljavanja i na\u010dinu polaganja stru\u010dnog ispita za slu\u017ebenika za javne nabavke<\/a><\/td>\r\n<\/tr>\r\n<tr>\r\n<td width=\"432\"><a href=\"https:\/\/www.google.rs\/url?sa=t&amp;rct=j&amp;q=&amp;esrc=s&amp;source=web&amp;cd=1&amp;ved=0ahUKEwj519eO68DXAhVRoaQKHQlJDJsQFgglMAA&amp;url=http%3A%2F%2Fwww.ujn.gov.rs%2Fdownload%2Ffiles%2Fcms%2Fattach%3Fid%3D866&amp;usg=AOvVaw1aFE_3_PWiMblrGr7qnbrZ\">Pravilnik o sadr\u017eini akta kojim se bli\u017ee ure\u0111uje postupak javne nabavke unutar naru\u010dioca<\/a><\/td>\r\n<\/tr>\r\n<tr>\r\n<td width=\"432\"><a href=\"http:\/\/www.paragraf.rs\/propisi\/pravilnik_o_formi_i_sadrzini_plana_nabavki_i_izvestaja_o_izvrsenju_plana.html\">Pravilnik o formi i sadr\u017eini plana nabavki i izve\u0161taja o izvr\u0161enju plana nabavki<\/a><\/td>\r\n<\/tr>\r\n<tr>\r\n<td width=\"432\"><a href=\"http:\/\/www.paragraf.rs\/propisi\/pravilnik_o_sadrzini_izvestaja_o_javnim_nabavkama_i_nacinu_vodjenja_evidencije_o_javnim_nabavkama.html\">Pravilnik o sadr\u017eini izve\u0161taja o javnim nabavkama i na\u010dinu vo\u0111enja evidencije o javnim nabavkama<\/a><\/td>\r\n<\/tr>\r\n<tr>\r\n<td width=\"432\"><a href=\"http:\/\/www.paragraf.rs\/propisi\/pravilnik_o_obaveznim_elementima_konkursne_dokumentacije_u_postupcima_javnih_nabavki_i_nacinu_dokazivanja_ispunjenosti_uslova.html\">Pravilnik o obaveznim elementima konkursne dokumentacije u postupcima javnih nabavki i na\u010dinu dokazivanja ispunjenosti uslova<\/a><\/td>\r\n<\/tr>\r\n<tr>\r\n<td width=\"432\"><a href=\"http:\/\/paragraf.rs\/propisi\/pravilnik_o_tehnickim_standardima_planiranja_projektovanja_i_izgradnje_objekata_kojima_se_osigurava_nesmetano_kretanje_i_pristup_osobama_sa_invaliditetom_deci_i_starim_osobama.html\">Pravilnik o tehni\u010dkim standardima planiranja, projektovanja i izgradnje objekata, kojima se osigurava nesmetano kretanje i pristup osobama sa invaliditetom, deci i starim osobama<\/a><\/td>\r\n<\/tr>\r\n<tr>\r\n<td width=\"432\"><a href=\"http:\/\/www.zdravlje.gov.rs\/tmpmz-admin\/downloads\/zakoni1\/Pravilnik%203.pdf\">Pravilnik o op\u0161tim sanitarnim uslovima koje moraju da ispune objekti koji podle\u017eu sanitarnom nadzoru<\/a><\/td>\r\n<\/tr>\r\n<tr>\r\n<td width=\"432\"><a href=\"http:\/\/www.croso.gov.rs\/storage\/files\/propisi\/pravilnik_o_cuvanju_zastiti_i_sigurnosti_podataka_u_okviru_inf_sistema_CROSO.pdf\">Pravilnik o \u010duvanju, za\u0161titi i sigurnosti podataka u okviru informacionog sistema Centranog registra obaveznog socijalnog osiguranja<\/a><\/td>\r\n<\/tr>\r\n<\/tbody>\r\n<\/table>\t\t\t\t\t\t <\/div>\r\n\t\t\t\t\t\t\t\r\n\t\t\t\t\t <\/div>\r\n\t\t\t\t\t \r\n\t\t\t\t <\/div>\r\n <script>\r\n\t\tjQuery(function () {\r\n\t\t\tjQuery('#myTab_1359 a:first').tab('show')\r\n\t\t});\r\n\t\t\r\n\t\t\t\tjQuery(function(){\r\n\t\t\tvar b=\"fadeIn\";\r\n\t\t\tvar c;\r\n\t\t\tvar a;\r\n\t\t\td(jQuery(\"#myTab_1359 a\"),jQuery(\"#tab-content_1359\"));function d(e,f,g){\r\n\t\t\t\te.click(function(i){\r\n\t\t\t\t\ti.preventDefault();\r\n\t\t\t\t\tjQuery(this).tab(\"show\");\r\n\t\t\t\t\tvar h=jQuery(this).data(\"easein\");\r\n\t\t\t\t\tif(c){c.removeClass(a);}\r\n\t\t\t\t\tif(h){f.find(\"div.active\").addClass(\"animated \"+h);a=h;}\r\n\t\t\t\t\telse{if(g){f.find(\"div.active\").addClass(\"animated \"+g);a=g;}else{f.find(\"div.active\").addClass(\"animated \"+b);a=b;}}c=f.find(\"div.active\");\r\n\t\t\t\t});\r\n\t\t\t}\r\n\t\t});\r\n\t\t\r\n\r\n\t\tfunction do_resize(){\r\n\r\n\t\t\tvar width=jQuery( '.tab-content .tab-pane iframe' ).width();\r\n\t\t\tvar height=jQuery( '.tab-content .tab-pane iframe' ).height();\r\n\r\n\t\t\tvar toggleSize = true;\r\n\t\t\tjQuery('iframe').animate({\r\n\t\t\t    width: toggleSize ? width : 640,\r\n\t\t\t    height: toggleSize ? height : 360\r\n\t\t\t  }, 250);\r\n\r\n\t\t\t  toggleSize = !toggleSize;\r\n\t\t}\r\n\r\n\r\n\t<\/script>\r\n\t\t\t\t\r\n\t\t\t\n","protected":false},"excerpt":{"rendered":"","protected":false},"author":1,"featured_media":0,"parent":0,"menu_order":0,"comment_status":"closed","ping_status":"closed","template":"","meta":{"_bbp_topic_count":0,"_bbp_reply_count":0,"_bbp_total_topic_count":0,"_bbp_total_reply_count":0,"_bbp_voice_count":0,"_bbp_anonymous_reply_count":0,"_bbp_topic_count_hidden":0,"_bbp_reply_count_hidden":0,"_bbp_forum_subforum_count":0,"footnotes":""},"class_list":["post-1356","page","type-page","status-publish","hentry"],"_links":{"self":[{"href":"http:\/\/edlead.pefja.kg.ac.rs\/resurs\/wp-json\/wp\/v2\/pages\/1356","targetHints":{"allow":["GET"]}}],"collection":[{"href":"http:\/\/edlead.pefja.kg.ac.rs\/resurs\/wp-json\/wp\/v2\/pages"}],"about":[{"href":"http:\/\/edlead.pefja.kg.ac.rs\/resurs\/wp-json\/wp\/v2\/types\/page"}],"author":[{"embeddable":true,"href":"http:\/\/edlead.pefja.kg.ac.rs\/resurs\/wp-json\/wp\/v2\/users\/1"}],"replies":[{"embeddable":true,"href":"http:\/\/edlead.pefja.kg.ac.rs\/resurs\/wp-json\/wp\/v2\/comments?post=1356"}],"version-history":[{"count":2,"href":"http:\/\/edlead.pefja.kg.ac.rs\/resurs\/wp-json\/wp\/v2\/pages\/1356\/revisions"}],"predecessor-version":[{"id":1360,"href":"http:\/\/edlead.pefja.kg.ac.rs\/resurs\/wp-json\/wp\/v2\/pages\/1356\/revisions\/1360"}],"wp:attachment":[{"href":"http:\/\/edlead.pefja.kg.ac.rs\/resurs\/wp-json\/wp\/v2\/media?parent=1356"}],"curies":[{"name":"wp","href":"https:\/\/api.w.org\/{rel}","templated":true}]}}