{"id":1368,"date":"2017-11-16T00:12:07","date_gmt":"2017-11-15T23:12:07","guid":{"rendered":"https:\/\/resurs.edlead.edu.rs\/?page_id=1368"},"modified":"2017-11-16T11:24:45","modified_gmt":"2017-11-16T10:24:45","slug":"forum","status":"publish","type":"page","link":"http:\/\/edlead.pefja.kg.ac.rs\/resurs\/forum\/","title":{"rendered":"Forum"},"content":{"rendered":"\n<div id=\"bbpress-forums\" class=\"bbpress-wrapper\">\n\n\t\n\t<div class=\"bbp-search-form\">\n\t\t<form role=\"search\" method=\"get\" id=\"bbp-search-form\">\n\t\t\t<div>\n\t\t\t\t<label class=\"screen-reader-text hidden\" for=\"bbp_search\">Search for:<\/label>\n\t\t\t\t<input type=\"hidden\" name=\"action\" value=\"bbp-search-request\" \/>\n\t\t\t\t<input type=\"text\" value=\"\" name=\"bbp_search\" id=\"bbp_search\" \/>\n\t\t\t\t<input class=\"button\" type=\"submit\" id=\"bbp_search_submit\" value=\"Search\" \/>\n\t\t\t<\/div>\n\t\t<\/form>\n\t<\/div>\n\n\n\t<div class=\"bbp-breadcrumb\"><p><a href=\"http:\/\/edlead.pefja.kg.ac.rs\/resurs\" class=\"bbp-breadcrumb-home\">Resursi<\/a> <span class=\"bbp-breadcrumb-sep\">&rsaquo;<\/span> <span class=\"bbp-breadcrumb-current\">Forums<\/span><\/p><\/div>\n\t\n\t\n\t\n\t\t\n<ul id=\"forums-list-0\" class=\"bbp-forums\">\n\n\t<li class=\"bbp-header\">\n\n\t\t<ul class=\"forum-titles\">\n\t\t\t<li class=\"bbp-forum-info\">Forum<\/li>\n\t\t\t<li class=\"bbp-forum-topic-count\">Topics<\/li>\n\t\t\t<li class=\"bbp-forum-reply-count\">Posts<\/li>\n\t\t\t<li class=\"bbp-forum-freshness\">Last Post<\/li>\n\t\t<\/ul>\n\n\t<\/li><!-- .bbp-header -->\n\n\t<li class=\"bbp-body\">\n\n\t\t\n\t\t\t\n<ul id=\"bbp-forum-1160\" class=\"loop-item-0 bbp-forum-status-open bbp-forum-visibility-publish odd  bbp-has-subforums post-1160 forum type-forum status-publish hentry\">\n\t<li class=\"bbp-forum-info\">\n\n\t\t\n\t\t\n\t\t<a class=\"bbp-forum-title\" href=\"http:\/\/edlead.pefja.kg.ac.rs\/resurs\/forums\/forum\/rukovodenje-vaspitno-obrazovnim-procesom\/\">Rukovo\u0111enje vaspitno-obrazovnim procesom<\/a>\n\n\t\t\n\t\t\n\t\t<div class=\"bbp-forum-content\"><\/div>\n\n\t\t\n\t\t\n\t\t<ul class=\"bbp-forums-list\"><li class=\"bbp-forum css-sep\"><a href=\"http:\/\/edlead.pefja.kg.ac.rs\/resurs\/forums\/forum\/rukovodenje-vaspitno-obrazovnim-procesom\/razvoj-kulture-ucenja\/\" class=\"bbp-forum-link\">Razvoj kulture u\u010denja (2, 0)<\/a><\/li><li class=\"bbp-forum css-sep\"><a href=\"http:\/\/edlead.pefja.kg.ac.rs\/resurs\/forums\/forum\/rukovodenje-vaspitno-obrazovnim-procesom\/stvaranje-zdravih-i-bezbednih-uslova-za-ucenje-i-razvoj\/\" class=\"bbp-forum-link\">Stvaranje zdravih i bezbednih uslova za u\u010denje i razvoj (2, 0)<\/a><\/li><li class=\"bbp-forum css-sep\"><a href=\"http:\/\/edlead.pefja.kg.ac.rs\/resurs\/forums\/forum\/rukovodenje-vaspitno-obrazovnim-procesom\/razvoj-i-osiguranje-kvaliteta-nastavnog-i-vaspitnog-procesa\/\" class=\"bbp-forum-link\">Razvoj i osiguranje kvaliteta nastavnog i vaspitnog procesa (2, 0)<\/a><\/li><li class=\"bbp-forum css-sep\"><a href=\"http:\/\/edlead.pefja.kg.ac.rs\/resurs\/forums\/forum\/rukovodenje-vaspitno-obrazovnim-procesom\/obezbedenje-inkluzivnog-pristupa\/\" class=\"bbp-forum-link\">Obezbe\u0111enje inkluzivnog pristupa (2, 0)<\/a><\/li><li class=\"bbp-forum css-sep\"><a href=\"http:\/\/edlead.pefja.kg.ac.rs\/resurs\/forums\/forum\/rukovodenje-vaspitno-obrazovnim-procesom\/obezbedivanje-i-pracenje-dobrobiti-postignuca-i-razvoja-ucenika\/\" class=\"bbp-forum-link\">Obezbe\u0111ivanje i pra\u0107enje dobrobiti, postignu\u0107a i razvoja  u\u010denika (2, 0)<\/a><\/li><\/ul>\n\t\t\n\t\t\n\t<\/li>\n\n\t<li class=\"bbp-forum-topic-count\">10<\/li>\n\n\t<li class=\"bbp-forum-reply-count\">10<\/li>\n\n\t<li class=\"bbp-forum-freshness\">\n\n\t\t\n\t\t<a href=\"http:\/\/edlead.pefja.kg.ac.rs\/resurs\/forums\/topic\/razvoj-kulture-ucenja\/\" title=\"Razvoj kulture u\u010denja\">8 years, 5 months ago<\/a>\n\t\t\n\t\t<p class=\"bbp-topic-meta\">\n\n\t\t\t\n\t\t\t<span class=\"bbp-topic-freshness-author\"><a href=\"http:\/\/edlead.pefja.kg.ac.rs\/resurs\/forums\/users\/edlead\/\" title=\"View edlead&#039;s profile\" class=\"bbp-author-link\"><span  class=\"bbp-author-avatar\"><img alt='' src='https:\/\/secure.gravatar.com\/avatar\/66958045621e6f23300a1665e34e4e4e19d155be70ec8004cf100c1b2d5ca327?s=14&#038;d=mm&#038;r=g' srcset='https:\/\/secure.gravatar.com\/avatar\/66958045621e6f23300a1665e34e4e4e19d155be70ec8004cf100c1b2d5ca327?s=28&#038;d=mm&#038;r=g 2x' class='avatar avatar-14 photo' height='14' width='14' \/><\/span><span  class=\"bbp-author-name\">edlead<\/span><\/a><\/span>\n\n\t\t\t\n\t\t<\/p>\n\t<\/li>\n<\/ul><!-- #bbp-forum-1160 -->\n\n\t\t\n\t\t\t\n<ul id=\"bbp-forum-1162\" class=\"loop-item-1 bbp-forum-status-open bbp-forum-visibility-publish even  bbp-has-subforums post-1162 forum type-forum status-publish hentry\">\n\t<li class=\"bbp-forum-info\">\n\n\t\t\n\t\t\n\t\t<a class=\"bbp-forum-title\" href=\"http:\/\/edlead.pefja.kg.ac.rs\/resurs\/forums\/forum\/planiranje-organizovanje-i-kontrola-rada-ustanove\/\">Planiranje, organizovanje i kontrola rada ustanove<\/a>\n\n\t\t\n\t\t\n\t\t<div class=\"bbp-forum-content\"><\/div>\n\n\t\t\n\t\t\n\t\t<ul class=\"bbp-forums-list\"><li class=\"bbp-forum css-sep\"><a href=\"http:\/\/edlead.pefja.kg.ac.rs\/resurs\/forums\/forum\/planiranje-organizovanje-i-kontrola-rada-ustanove\/planiranje-rada-ustanove\/\" class=\"bbp-forum-link\">Planiranje rada ustanove (1, 0)<\/a><\/li><li class=\"bbp-forum css-sep\"><a href=\"http:\/\/edlead.pefja.kg.ac.rs\/resurs\/forums\/forum\/planiranje-organizovanje-i-kontrola-rada-ustanove\/organizacija-ustanove\/\" class=\"bbp-forum-link\">Organizacija ustanove (1, 0)<\/a><\/li><li class=\"bbp-forum css-sep\"><a href=\"http:\/\/edlead.pefja.kg.ac.rs\/resurs\/forums\/forum\/planiranje-organizovanje-i-kontrola-rada-ustanove\/kontrola-rada-ustanove\/\" class=\"bbp-forum-link\">Kontrola rada ustanove (1, 0)<\/a><\/li><li class=\"bbp-forum css-sep\"><a href=\"http:\/\/edlead.pefja.kg.ac.rs\/resurs\/forums\/forum\/planiranje-organizovanje-i-kontrola-rada-ustanove\/upravljanje-informacionim-sistemom-ustanove\/\" class=\"bbp-forum-link\">Upravljanje informacionim sistemom ustanove (1, 0)<\/a><\/li><li class=\"bbp-forum css-sep\"><a href=\"http:\/\/edlead.pefja.kg.ac.rs\/resurs\/forums\/forum\/planiranje-organizovanje-i-kontrola-rada-ustanove\/upravljanje-sistemom-obezbedenja-kvaliteta-ustanove\/\" class=\"bbp-forum-link\">Upravljanje sistemom obezbe\u0111enja kvaliteta ustanove (1, 0)<\/a><\/li><\/ul>\n\t\t\n\t\t\n\t<\/li>\n\n\t<li class=\"bbp-forum-topic-count\">5<\/li>\n\n\t<li class=\"bbp-forum-reply-count\">5<\/li>\n\n\t<li class=\"bbp-forum-freshness\">\n\n\t\t\n\t\t<a href=\"http:\/\/edlead.pefja.kg.ac.rs\/resurs\/forums\/topic\/planiranje-rada-ustanove\/\" title=\"Planiranje rada ustanove\">8 years, 5 months ago<\/a>\n\t\t\n\t\t<p class=\"bbp-topic-meta\">\n\n\t\t\t\n\t\t\t<span class=\"bbp-topic-freshness-author\"><a href=\"http:\/\/edlead.pefja.kg.ac.rs\/resurs\/forums\/users\/edlead\/\" title=\"View edlead&#039;s profile\" class=\"bbp-author-link\"><span  class=\"bbp-author-avatar\"><img alt='' src='https:\/\/secure.gravatar.com\/avatar\/66958045621e6f23300a1665e34e4e4e19d155be70ec8004cf100c1b2d5ca327?s=14&#038;d=mm&#038;r=g' srcset='https:\/\/secure.gravatar.com\/avatar\/66958045621e6f23300a1665e34e4e4e19d155be70ec8004cf100c1b2d5ca327?s=28&#038;d=mm&#038;r=g 2x' class='avatar avatar-14 photo' height='14' width='14' \/><\/span><span  class=\"bbp-author-name\">edlead<\/span><\/a><\/span>\n\n\t\t\t\n\t\t<\/p>\n\t<\/li>\n<\/ul><!-- #bbp-forum-1162 -->\n\n\t\t\n\t\t\t\n<ul id=\"bbp-forum-1372\" class=\"loop-item-2 bbp-forum-status-open bbp-forum-visibility-publish odd  bbp-has-subforums post-1372 forum type-forum status-publish hentry\">\n\t<li class=\"bbp-forum-info\">\n\n\t\t\n\t\t\n\t\t<a class=\"bbp-forum-title\" href=\"http:\/\/edlead.pefja.kg.ac.rs\/resurs\/forums\/forum\/pracenje-i-unapredivanje-rada-zaposlenih\/\">Pra\u0107enje i unapre\u0111ivanje rada zaposlenih<\/a>\n\n\t\t\n\t\t\n\t\t<div class=\"bbp-forum-content\"><\/div>\n\n\t\t\n\t\t\n\t\t<ul class=\"bbp-forums-list\"><li class=\"bbp-forum css-sep\"><a href=\"http:\/\/edlead.pefja.kg.ac.rs\/resurs\/forums\/forum\/pracenje-i-unapredivanje-rada-zaposlenih\/planiranje-selekcija-i-prijem-zaposlenih\/\" class=\"bbp-forum-link\">Planiranje, selekcija i prijem zaposlenih (1, 0)<\/a><\/li><li class=\"bbp-forum css-sep\"><a href=\"http:\/\/edlead.pefja.kg.ac.rs\/resurs\/forums\/forum\/pracenje-i-unapredivanje-rada-zaposlenih\/profesionalni-razvoj-zaposlenih\/\" class=\"bbp-forum-link\">Profesionalni razvoj zaposlenih (0, 0)<\/a><\/li><li class=\"bbp-forum css-sep\"><a href=\"http:\/\/edlead.pefja.kg.ac.rs\/resurs\/forums\/forum\/pracenje-i-unapredivanje-rada-zaposlenih\/unapredivanje-meduljudskih-odnosa\/\" class=\"bbp-forum-link\">Unapre\u0111ivanje me\u0111uljudskih odnosa (0, 0)<\/a><\/li><li class=\"bbp-forum css-sep\"><a href=\"http:\/\/edlead.pefja.kg.ac.rs\/resurs\/forums\/forum\/pracenje-i-unapredivanje-rada-zaposlenih\/vrednovanje-rezultata-rada-motivisanje-i-nagradivanje-zaposlenih\/\" class=\"bbp-forum-link\">Vrednovanje rezultata rada, motivisanje i nagra\u0111ivanje zaposlenih (0, 0)<\/a><\/li><\/ul>\n\t\t\n\t\t\n\t<\/li>\n\n\t<li class=\"bbp-forum-topic-count\">1<\/li>\n\n\t<li class=\"bbp-forum-reply-count\">1<\/li>\n\n\t<li class=\"bbp-forum-freshness\">\n\n\t\t\n\t\t<a href=\"http:\/\/edlead.pefja.kg.ac.rs\/resurs\/forums\/topic\/planiranje-selekcija-i-prijem-zaposlenih\/\" title=\"Planiranje, selekcija i prijem zaposlenih\">8 years, 5 months ago<\/a>\n\t\t\n\t\t<p class=\"bbp-topic-meta\">\n\n\t\t\t\n\t\t\t<span class=\"bbp-topic-freshness-author\"><a href=\"http:\/\/edlead.pefja.kg.ac.rs\/resurs\/forums\/users\/edlead\/\" title=\"View edlead&#039;s profile\" class=\"bbp-author-link\"><span  class=\"bbp-author-avatar\"><img alt='' src='https:\/\/secure.gravatar.com\/avatar\/66958045621e6f23300a1665e34e4e4e19d155be70ec8004cf100c1b2d5ca327?s=14&#038;d=mm&#038;r=g' srcset='https:\/\/secure.gravatar.com\/avatar\/66958045621e6f23300a1665e34e4e4e19d155be70ec8004cf100c1b2d5ca327?s=28&#038;d=mm&#038;r=g 2x' class='avatar avatar-14 photo' height='14' width='14' \/><\/span><span  class=\"bbp-author-name\">edlead<\/span><\/a><\/span>\n\n\t\t\t\n\t\t<\/p>\n\t<\/li>\n<\/ul><!-- #bbp-forum-1372 -->\n\n\t\t\n\t\t\t\n<ul id=\"bbp-forum-1386\" class=\"loop-item-3 bbp-forum-status-open bbp-forum-visibility-publish even  bbp-has-subforums post-1386 forum type-forum status-publish hentry\">\n\t<li class=\"bbp-forum-info\">\n\n\t\t\n\t\t\n\t\t<a class=\"bbp-forum-title\" href=\"http:\/\/edlead.pefja.kg.ac.rs\/resurs\/forums\/forum\/razvoj-saradnje\/\">Razvoj saradnje<\/a>\n\n\t\t\n\t\t\n\t\t<div class=\"bbp-forum-content\"><\/div>\n\n\t\t\n\t\t\n\t\t<ul class=\"bbp-forums-list\"><li class=\"bbp-forum css-sep\"><a href=\"http:\/\/edlead.pefja.kg.ac.rs\/resurs\/forums\/forum\/razvoj-saradnje\/saradnja-sa-roditeljimastarateljima\/\" class=\"bbp-forum-link\">Saradnja sa roditeljima\/starateljima (0, 0)<\/a><\/li><li class=\"bbp-forum css-sep\"><a href=\"http:\/\/edlead.pefja.kg.ac.rs\/resurs\/forums\/forum\/razvoj-saradnje\/saradnja-sa-organom-upravljanja-i-reprezentativnim-sindikatom-u-ustanovi\/\" class=\"bbp-forum-link\">Saradnja sa organom upravljanja i reprezentativnim sindikatom u ustanovi (0, 0)<\/a><\/li><li class=\"bbp-forum css-sep\"><a href=\"http:\/\/edlead.pefja.kg.ac.rs\/resurs\/forums\/forum\/razvoj-saradnje\/saradnja-sa-drzavnom-upravom-i-lokalnom-samoupravom\/\" class=\"bbp-forum-link\">Saradnja sa dr\u017eavnom upravom i lokalnom samoupravom (0, 0)<\/a><\/li><li class=\"bbp-forum css-sep\"><a href=\"http:\/\/edlead.pefja.kg.ac.rs\/resurs\/forums\/forum\/razvoj-saradnje\/saradnja-sa-sirom-zajednicom\/\" class=\"bbp-forum-link\">Saradnja sa \u0161irom zajednicom (0, 0)<\/a><\/li><\/ul>\n\t\t\n\t\t\n\t<\/li>\n\n\t<li class=\"bbp-forum-topic-count\">0<\/li>\n\n\t<li class=\"bbp-forum-reply-count\">0<\/li>\n\n\t<li class=\"bbp-forum-freshness\">\n\n\t\t\n\t\tNo Topics\n\t\t\n\t\t<p class=\"bbp-topic-meta\">\n\n\t\t\t\n\t\t\t<span class=\"bbp-topic-freshness-author\"><\/span>\n\n\t\t\t\n\t\t<\/p>\n\t<\/li>\n<\/ul><!-- #bbp-forum-1386 -->\n\n\t\t\n\t\t\t\n<ul id=\"bbp-forum-1396\" class=\"loop-item-4 bbp-forum-status-open bbp-forum-visibility-publish odd  bbp-has-subforums post-1396 forum type-forum status-publish hentry\">\n\t<li class=\"bbp-forum-info\">\n\n\t\t\n\t\t\n\t\t<a class=\"bbp-forum-title\" href=\"http:\/\/edlead.pefja.kg.ac.rs\/resurs\/forums\/forum\/finansijsko-i-administrativno-upravljanje-radom-ustanove\/\">Finansijsko i administrativno upravljanje radom ustanove<\/a>\n\n\t\t\n\t\t\n\t\t<div class=\"bbp-forum-content\"><\/div>\n\n\t\t\n\t\t\n\t\t<ul class=\"bbp-forums-list\"><li class=\"bbp-forum css-sep\"><a href=\"http:\/\/edlead.pefja.kg.ac.rs\/resurs\/forums\/forum\/finansijsko-i-administrativno-upravljanje-radom-ustanove\/upravljanje-finansijskim-resursim\/\" class=\"bbp-forum-link\">Upravljanje finansijskim resursim (0, 0)<\/a><\/li><li class=\"bbp-forum css-sep\"><a href=\"http:\/\/edlead.pefja.kg.ac.rs\/resurs\/forums\/forum\/finansijsko-i-administrativno-upravljanje-radom-ustanove\/upravljanje-materijalnim-resursima\/\" class=\"bbp-forum-link\">Upravljanje materijalnim resursima (0, 0)<\/a><\/li><li class=\"bbp-forum css-sep\"><a href=\"http:\/\/edlead.pefja.kg.ac.rs\/resurs\/forums\/forum\/finansijsko-i-administrativno-upravljanje-radom-ustanove\/upravljanje-administrativnim-procesima\/\" class=\"bbp-forum-link\">Upravljanje administrativnim procesima (0, 0)<\/a><\/li><\/ul>\n\t\t\n\t\t\n\t<\/li>\n\n\t<li class=\"bbp-forum-topic-count\">0<\/li>\n\n\t<li class=\"bbp-forum-reply-count\">0<\/li>\n\n\t<li class=\"bbp-forum-freshness\">\n\n\t\t\n\t\tNo Topics\n\t\t\n\t\t<p class=\"bbp-topic-meta\">\n\n\t\t\t\n\t\t\t<span class=\"bbp-topic-freshness-author\"><\/span>\n\n\t\t\t\n\t\t<\/p>\n\t<\/li>\n<\/ul><!-- #bbp-forum-1396 -->\n\n\t\t\n\t\t\t\n<ul id=\"bbp-forum-1404\" class=\"loop-item-5 bbp-forum-status-open bbp-forum-visibility-publish even  bbp-has-subforums post-1404 forum type-forum status-publish hentry\">\n\t<li class=\"bbp-forum-info\">\n\n\t\t\n\t\t\n\t\t<a class=\"bbp-forum-title\" href=\"http:\/\/edlead.pefja.kg.ac.rs\/resurs\/forums\/forum\/obezbedivanje-zakonitosti-rada-ustanove\/\">Obezbe\u0111ivanje zakonitosti rada ustanove<\/a>\n\n\t\t\n\t\t\n\t\t<div class=\"bbp-forum-content\"><\/div>\n\n\t\t\n\t\t\n\t\t<ul class=\"bbp-forums-list\"><li class=\"bbp-forum css-sep\"><a href=\"http:\/\/edlead.pefja.kg.ac.rs\/resurs\/forums\/forum\/obezbedivanje-zakonitosti-rada-ustanove\/poznavanje-razumevanje-i-pracenje-relevantnih-propisa\/\" class=\"bbp-forum-link\">Poznavanje, razumevanje i pra\u0107enje relevantnih propisa (0, 0)<\/a><\/li><li class=\"bbp-forum css-sep\"><a href=\"http:\/\/edlead.pefja.kg.ac.rs\/resurs\/forums\/forum\/obezbedivanje-zakonitosti-rada-ustanove\/izrada-opstih-akata-i-dokumentacije-ustanove\/\" class=\"bbp-forum-link\">Izrada op\u0161tih akata i dokumentacije ustanove (0, 0)<\/a><\/li><li class=\"bbp-forum css-sep\"><a href=\"http:\/\/edlead.pefja.kg.ac.rs\/resurs\/forums\/forum\/obezbedivanje-zakonitosti-rada-ustanove\/primena-opstih-akata-i-dokumentacije-ustanove\/\" class=\"bbp-forum-link\">Primena op\u0161tih akata i dokumentacije ustanove (0, 0)<\/a><\/li><\/ul>\n\t\t\n\t\t\n\t<\/li>\n\n\t<li class=\"bbp-forum-topic-count\">0<\/li>\n\n\t<li class=\"bbp-forum-reply-count\">0<\/li>\n\n\t<li class=\"bbp-forum-freshness\">\n\n\t\t\n\t\tNo Topics\n\t\t\n\t\t<p class=\"bbp-topic-meta\">\n\n\t\t\t\n\t\t\t<span class=\"bbp-topic-freshness-author\"><\/span>\n\n\t\t\t\n\t\t<\/p>\n\t<\/li>\n<\/ul><!-- #bbp-forum-1404 -->\n\n\t\t\n\t\t\t\n<ul id=\"bbp-forum-1412\" class=\"loop-item-6 bbp-forum-status-open bbp-forum-visibility-publish odd  bbp-has-subforums post-1412 forum type-forum status-publish hentry\">\n\t<li class=\"bbp-forum-info\">\n\n\t\t\n\t\t\n\t\t<a class=\"bbp-forum-title\" href=\"http:\/\/edlead.pefja.kg.ac.rs\/resurs\/forums\/forum\/liderstvo-u-obrazovanju\/\">Liderstvo u obrazovanju<\/a>\n\n\t\t\n\t\t\n\t\t<div class=\"bbp-forum-content\"><\/div>\n\n\t\t\n\t\t\n\t\t<ul class=\"bbp-forums-list\"><li class=\"bbp-forum css-sep\"><a href=\"http:\/\/edlead.pefja.kg.ac.rs\/resurs\/forums\/forum\/liderstvo-u-obrazovanju\/teorija-liderstva-u-obrazovanju\/\" class=\"bbp-forum-link\">Teorija liderstva u obrazovanju (0, 0)<\/a><\/li><li class=\"bbp-forum css-sep\"><a href=\"http:\/\/edlead.pefja.kg.ac.rs\/resurs\/forums\/forum\/liderstvo-u-obrazovanju\/istrazivanja\/\" class=\"bbp-forum-link\">Istra\u017eivanja (0, 0)<\/a><\/li><li class=\"bbp-forum css-sep\"><a href=\"http:\/\/edlead.pefja.kg.ac.rs\/resurs\/forums\/forum\/liderstvo-u-obrazovanju\/razvojne-politike-i-projekti\/\" class=\"bbp-forum-link\">Razvojne politike i projekti (0, 0)<\/a><\/li><li class=\"bbp-forum css-sep\"><a href=\"http:\/\/edlead.pefja.kg.ac.rs\/resurs\/forums\/forum\/liderstvo-u-obrazovanju\/standardi-kompetencija\/\" class=\"bbp-forum-link\">Standardi kompetencija (0, 0)<\/a><\/li><\/ul>\n\t\t\n\t\t\n\t<\/li>\n\n\t<li class=\"bbp-forum-topic-count\">0<\/li>\n\n\t<li class=\"bbp-forum-reply-count\">0<\/li>\n\n\t<li class=\"bbp-forum-freshness\">\n\n\t\t\n\t\tNo Topics\n\t\t\n\t\t<p class=\"bbp-topic-meta\">\n\n\t\t\t\n\t\t\t<span class=\"bbp-topic-freshness-author\"><\/span>\n\n\t\t\t\n\t\t<\/p>\n\t<\/li>\n<\/ul><!-- #bbp-forum-1412 -->\n\n\t\t\n\t\t\t\n<ul id=\"bbp-forum-1422\" class=\"loop-item-7 bbp-forum-status-open bbp-forum-visibility-publish even  post-1422 forum type-forum status-publish hentry\">\n\t<li class=\"bbp-forum-info\">\n\n\t\t\n\t\t\n\t\t<a class=\"bbp-forum-title\" href=\"http:\/\/edlead.pefja.kg.ac.rs\/resurs\/forums\/forum\/ostalo\/\">Ostalo<\/a>\n\n\t\t\n\t\t\n\t\t<div class=\"bbp-forum-content\"><\/div>\n\n\t\t\n\t\t\n\t\t\n\t\t\n\t\t\n\t<\/li>\n\n\t<li class=\"bbp-forum-topic-count\">0<\/li>\n\n\t<li class=\"bbp-forum-reply-count\">0<\/li>\n\n\t<li class=\"bbp-forum-freshness\">\n\n\t\t\n\t\tNo Topics\n\t\t\n\t\t<p class=\"bbp-topic-meta\">\n\n\t\t\t\n\t\t\t<span class=\"bbp-topic-freshness-author\"><\/span>\n\n\t\t\t\n\t\t<\/p>\n\t<\/li>\n<\/ul><!-- #bbp-forum-1422 -->\n\n\t\t\n\t<\/li><!-- .bbp-body -->\n\n\t<li class=\"bbp-footer\">\n\n\t\t<div class=\"tr\">\n\t\t\t<p class=\"td colspan4\">&nbsp;<\/p>\n\t\t<\/div><!-- .tr -->\n\n\t<\/li><!-- .bbp-footer -->\n\n<\/ul><!-- .forums-directory -->\n\n\n\t\n\t\n<\/div>\n\n","protected":false},"excerpt":{"rendered":"","protected":false},"author":1,"featured_media":0,"parent":0,"menu_order":0,"comment_status":"closed","ping_status":"closed","template":"","meta":{"_bbp_topic_count":0,"_bbp_reply_count":0,"_bbp_total_topic_count":0,"_bbp_total_reply_count":0,"_bbp_voice_count":0,"_bbp_anonymous_reply_count":0,"_bbp_topic_count_hidden":0,"_bbp_reply_count_hidden":0,"_bbp_forum_subforum_count":0,"footnotes":""},"class_list":["post-1368","page","type-page","status-publish","hentry"],"_links":{"self":[{"href":"http:\/\/edlead.pefja.kg.ac.rs\/resurs\/wp-json\/wp\/v2\/pages\/1368","targetHints":{"allow":["GET"]}}],"collection":[{"href":"http:\/\/edlead.pefja.kg.ac.rs\/resurs\/wp-json\/wp\/v2\/pages"}],"about":[{"href":"http:\/\/edlead.pefja.kg.ac.rs\/resurs\/wp-json\/wp\/v2\/types\/page"}],"author":[{"embeddable":true,"href":"http:\/\/edlead.pefja.kg.ac.rs\/resurs\/wp-json\/wp\/v2\/users\/1"}],"replies":[{"embeddable":true,"href":"http:\/\/edlead.pefja.kg.ac.rs\/resurs\/wp-json\/wp\/v2\/comments?post=1368"}],"version-history":[{"count":2,"href":"http:\/\/edlead.pefja.kg.ac.rs\/resurs\/wp-json\/wp\/v2\/pages\/1368\/revisions"}],"predecessor-version":[{"id":1424,"href":"http:\/\/edlead.pefja.kg.ac.rs\/resurs\/wp-json\/wp\/v2\/pages\/1368\/revisions\/1424"}],"wp:attachment":[{"href":"http:\/\/edlead.pefja.kg.ac.rs\/resurs\/wp-json\/wp\/v2\/media?parent=1368"}],"curies":[{"name":"wp","href":"https:\/\/api.w.org\/{rel}","templated":true}]}}