{"id":957,"date":"2017-11-14T17:31:17","date_gmt":"2017-11-14T16:31:17","guid":{"rendered":"https:\/\/resurs.edlead.edu.rs\/?page_id=957"},"modified":"2017-11-15T10:36:00","modified_gmt":"2017-11-15T09:36:00","slug":"liderstvo-u-obrazovanju","status":"publish","type":"page","link":"http:\/\/edlead.pefja.kg.ac.rs\/resurs\/liderstvo-u-obrazovanju\/","title":{"rendered":"Liderstvo u obrazovanju"},"content":{"rendered":"<p>U ovoj grupi sadr\u017eani su dokumenti koji se odnose na razli\u010dita op\u0161ta pitanja liderstva u obrazovanju, a koja tematski prevazilaze specifi\u010dne oblasti standarda i konkretne standarde kompetencija direktora.<\/p>\n","protected":false},"excerpt":{"rendered":"<p>U ovoj grupi sadr\u017eani su dokumenti koji se odnose na razli\u010dita op\u0161ta pitanja liderstva u obrazovanju, a koja tematski prevazilaze specifi\u010dne oblasti standarda i konkretne standarde kompetencija direktora.<\/p>\n","protected":false},"author":1,"featured_media":0,"parent":0,"menu_order":0,"comment_status":"closed","ping_status":"closed","template":"","meta":{"_bbp_topic_count":0,"_bbp_reply_count":0,"_bbp_total_topic_count":0,"_bbp_total_reply_count":0,"_bbp_voice_count":0,"_bbp_anonymous_reply_count":0,"_bbp_topic_count_hidden":0,"_bbp_reply_count_hidden":0,"_bbp_forum_subforum_count":0,"footnotes":""},"class_list":["post-957","page","type-page","status-publish","hentry"],"_links":{"self":[{"href":"http:\/\/edlead.pefja.kg.ac.rs\/resurs\/wp-json\/wp\/v2\/pages\/957","targetHints":{"allow":["GET"]}}],"collection":[{"href":"http:\/\/edlead.pefja.kg.ac.rs\/resurs\/wp-json\/wp\/v2\/pages"}],"about":[{"href":"http:\/\/edlead.pefja.kg.ac.rs\/resurs\/wp-json\/wp\/v2\/types\/page"}],"author":[{"embeddable":true,"href":"http:\/\/edlead.pefja.kg.ac.rs\/resurs\/wp-json\/wp\/v2\/users\/1"}],"replies":[{"embeddable":true,"href":"http:\/\/edlead.pefja.kg.ac.rs\/resurs\/wp-json\/wp\/v2\/comments?post=957"}],"version-history":[{"count":2,"href":"http:\/\/edlead.pefja.kg.ac.rs\/resurs\/wp-json\/wp\/v2\/pages\/957\/revisions"}],"predecessor-version":[{"id":1230,"href":"http:\/\/edlead.pefja.kg.ac.rs\/resurs\/wp-json\/wp\/v2\/pages\/957\/revisions\/1230"}],"wp:attachment":[{"href":"http:\/\/edlead.pefja.kg.ac.rs\/resurs\/wp-json\/wp\/v2\/media?parent=957"}],"curies":[{"name":"wp","href":"https:\/\/api.w.org\/{rel}","templated":true}]}}